{"id":21848,"date":"2020-09-04T09:33:46","date_gmt":"2020-09-04T09:33:46","guid":{"rendered":"https:\/\/estetoscopiolittmann.com\/?post_type=product&#038;p=21848"},"modified":"2024-01-18T09:36:02","modified_gmt":"2024-01-18T09:36:02","slug":"littmann-stethoscope-classic-iii-burgundy-black-edition","status":"publish","type":"product","link":"https:\/\/stethoscope24.com\/estetoscopio-littmann\/product\/littmann-stethoscope-classic-iii-burgundy-black-edition\/","title":{"rendered":"Estetoscopio Littmann Classic III Borgo\u00f1a \/ Edici\u00f3n en Negro"},"content":{"rendered":"<h1>Estetoscopio Littmann Classic III Borgo\u00f1a \/ Edici\u00f3n en Negro (27\u201d\/68.5cm)<\/h1>\n<p>Presentamos el nuevo estetoscopio Littmann Classic III de 3M Littmann. Con el primer redise\u00f1o importante en 18 a\u00f1os del ic\u00f3nico estetoscopio Littmann, \u00a1ha llegado el NUEVO est\u00e1ndar de la industria!<\/p>\n<p>El estetoscopio Classic III nos regala un nuevo dise\u00f1o, materiales y tecnolog\u00eda que se suman a la gama de estetoscopios Littmann, utilizados por millones de profesionales de la salud en todo el mundo quienes han confiado durante d\u00e9cadas en Littmann. Con una pieza tor\u00e1cica de doble c\u00e1psula, diafragmas sintonizables dobles, tubo flexible mejorado y mucho m\u00e1s, el estetoscopio Classic III combina lo mejor de lo nuevo con lo tradicional.<\/p>\n<p>Al igual que ocurre con el Cardiology III, con el Classic III se puede hacer una auscultaci\u00f3n completa en adultos y ni\u00f1os mediante su pieza tor\u00e1cica de doble c\u00e1psula simplemente girando la ranura central para alternar entre una y otra. El juego de diafragma (de una sola pieza) y anillo ahora es ahora m\u00e1s compacto y tiene una sensibilidad ac\u00fastica incluso mayor. Los biauriculares se han redise\u00f1ado con tubos auditivos de mayor di\u00e1metro para los o\u00eddos y un biauricular de un solo lumen pero m\u00e1s grueso, para transferir el sonido de manera m\u00e1s eficaz. La ranura del selector ahora est\u00e1 empotrada para permitir un ajuste al ras con el tubo biauricular y ahora cuenta con un indicador visual para una f\u00e1cil identificaci\u00f3n del diafragma en operaci\u00f3n.<br \/>\n<strong>Ame a su estetoscopio<\/strong><br \/>\nEl estetoscopio compacto y sensible Littmann Classic III es el instrumento perfecto para m\u00e9dicos que monitorean y valoran a ni\u00f1os o adultos en entornos no cr\u00edticos. Fabricado con materiales resistentes pero ligeros para muchas horas de uso c\u00f3modo.<\/p>\n<h2>Funcionalidades<\/h2>\n<ul style=\"list-style-type: disc; list-style-position: outside;\">\n<li>Pieza tor\u00e1cica de doble c\u00e1psula y doble diafragma para valoraci\u00f3n de ni\u00f1os y adultos.<\/li>\n<li>La c\u00e1psula pedi\u00e1trica tambi\u00e9n se transforma f\u00e1cilmente en una campana abierta tradicional reemplazando el diafragma de una sola pieza con el anillo antifr\u00edo incluido.<\/li>\n<li>La pieza tor\u00e1cica ha sido fabricada con precisi\u00f3n tecnol\u00f3gica de modo que ahora presenta una forma menos angular y es est\u00e9ticamente agradable.<\/li>\n<li>Diafragma de una sola pieza en lugar de diafragma\/anillo separado, lo que facilita la instalaci\u00f3n y la limpieza gracias a su superficie lisa y sin fisuras.<\/li>\n<li>El v\u00e1stago cuenta con un indicador lateral abierto para identificar f\u00e1cilmente qu\u00e9 diafragma est\u00e1 en operaci\u00f3n.<\/li>\n<li>El tubo flexible de \u00faltima generaci\u00f3n brinda una mayor durabilidad al contar con una mejor resistencia a los aceites de la piel, el alcohol y las manchas.<\/li>\n<li>La &#8220;Tecnolog\u00eda Sintonizable&#8221; de 3M le permite cambiar f\u00e1cilmente de sonidos de baja a alta frecuencia al presionar m\u00e1s firmemente tanto en la c\u00e1psula de la pieza tor\u00e1cica para adulto o en la pedi\u00e1trica.<\/li>\n<li>Alta sensibilidad ac\u00fastica al realizar una valoraci\u00f3n del estado f\u00edsico general del paciente.<\/li>\n<li>Grabado con l\u00e1ser de texto y s\u00edmbolos para personalizar su estetoscopio y evitar el robo\/extrav\u00edo<\/li>\n<li>Diadema anat\u00f3micamente dise\u00f1ada con tubos auditivos m\u00e1s grandes los cuales se posicionan c\u00f3modamente para una mejor transferencia de sonido. F\u00e1cil ajuste simplemente al juntar o separar los tubos auditivos.<\/li>\n<li>C\u00f3modas olivas de suave sellado herm\u00e9tico a presi\u00f3n crean un excelente sello ac\u00fastico para reducir el ruido ambiental.<\/li>\n<li>No se utilizan plastificantes de l\u00e1tex de caucho natural o ftalatos en el tubo ni en ning\u00fan otro componente, para ayudar a proteger la salud y el medio ambiente.<\/li>\n<li>Complemente su estilo personal con la amplia variedad de acabados y colores disponibles respectivamente para piezas tor\u00e1cicas y de tubos flexibles de Littmann.<\/li>\n<li>Se utiliza como instrumento de diagn\u00f3stico como parte de la valoraci\u00f3n f\u00edsica de un paciente.<\/li>\n<li>La garant\u00eda de 5 a\u00f1os incluye la reparaci\u00f3n gratuita de cualquier defecto de fabricaci\u00f3n o materiales.<\/li>\n<li>Calificaci\u00f3n de 7 de 10 en desempe\u00f1o por parte de Littmann.<\/li>\n<\/ul>\n","protected":false},"excerpt":{"rendered":"<ul style=\"list-style-type: disc; list-style-position: outside;\">\n<li>Monitoree y valore a una amplia gama de pacientes.<\/li>\n<li>Detecte sonidos y ritmos normales y anormales.<\/li>\n<li>\u00daselo en entornos de cuidados no cr\u00edticos como un consultorio m\u00e9dico, un pabell\u00f3n general, un consultorio de obstetricia \/ ginecolog\u00eda, una cl\u00ednica ambulatoria o de atenci\u00f3n de urgencia.<\/li>\n<li>Garant\u00eda de 5 a\u00f1os.<\/li>\n<li>Divertido y colorido; combine el color y el acabado con su personalidad.<\/li>\n<li>Dise\u00f1ado para su uso en adultos y ni\u00f1os.<\/li>\n<li>Pieza tor\u00e1cica de acero inoxidable de doble c\u00e1psula sintonizable con campana abierta o cerrada.<\/li>\n<li>Anillo antifr\u00edo para la campana para una mayor comodidad del paciente.<\/li>\n<li>Las olivas de sellado suave brindan una comodidad \u00f3ptima y una excelente oclusi\u00f3n del sonido.<\/li>\n<li>Fabricado en los Estados Unidos sin l\u00e1tex de caucho natural.<\/li>\n<li>Ame a su estetoscopio.<\/li>\n<li>El estetoscopio compacto y sensible Littmann Classic III es el instrumento perfecto para m\u00e9dicos que monitorean y valoran a ni\u00f1os o adultos en entornos no cr\u00edticos. Fabricado con materiales resistentes pero ligeros para muchas horas de uso c\u00f3modo.<\/li>\n<li>Model : 7100119681<\/li>\n<\/ul>\n","protected":false},"featured_media":21830,"comment_status":"open","ping_status":"closed","template":"","meta":[],"product_brand":[],"product_cat":[124],"product_tag":[295],"class_list":{"0":"post-21848","1":"product","2":"type-product","3":"status-publish","4":"has-post-thumbnail","6":"product_cat-estetoscopio-littmann-classic-iii","7":"product_tag-estetoscopio-littmann-classic-iii","8":"pa_acabado-de-la-pechera-acabado-negro","9":"pa_desempeno-197","10":"pa_marca-littmann","11":"pa_vastago-color-negro","13":"first","14":"instock","15":"taxable","16":"shipping-taxable","17":"purchasable","18":"product-type-simple"},"yoast_head":"<!-- This site is optimized with the Yoast SEO plugin v27.4 - https:\/\/yoast.com\/product\/yoast-seo-wordpress\/ -->\n<title>Estetoscopio Littmann Classic III Borgo\u00f1a \/ Edici\u00f3n en Negro - Estetoscopio Littmann<\/title>\n<meta name=\"robots\" content=\"index, follow, max-snippet:-1, max-image-preview:large, max-video-preview:-1\" \/>\n<link rel=\"canonical\" href=\"https:\/\/stethoscope24.com\/estetoscopio-littmann\/product\/littmann-stethoscope-classic-iii-burgundy-black-edition\/\" \/>\n<meta property=\"og:locale\" content=\"es_MX\" \/>\n<meta property=\"og:type\" content=\"article\" \/>\n<meta property=\"og:title\" content=\"Estetoscopio Littmann Classic III Borgo\u00f1a \/ Edici\u00f3n en Negro - Estetoscopio Littmann\" \/>\n<meta property=\"og:description\" content=\"Monitoree y valore a una amplia gama de pacientes.  Detecte sonidos y ritmos normales y anormales.  \u00daselo en entornos de cuidados no cr\u00edticos como un consultorio m\u00e9dico, un pabell\u00f3n general, un consultorio de obstetricia \/ ginecolog\u00eda, una cl\u00ednica ambulatoria o de atenci\u00f3n de urgencia.  Garant\u00eda de 5 a\u00f1os.  Divertido y colorido; combine el color y el acabado con su personalidad.  Dise\u00f1ado para su uso en adultos y ni\u00f1os.  Pieza tor\u00e1cica de acero inoxidable de doble c\u00e1psula sintonizable con campana abierta o cerrada.  Anillo antifr\u00edo para la campana para una mayor comodidad del paciente.  Las olivas de sellado suave brindan una comodidad \u00f3ptima y una excelente oclusi\u00f3n del sonido.  Fabricado en los Estados Unidos sin l\u00e1tex de caucho natural.  Ame a su estetoscopio.  El estetoscopio compacto y sensible Littmann Classic III es el instrumento perfecto para m\u00e9dicos que monitorean y valoran a ni\u00f1os o adultos en entornos no cr\u00edticos. Fabricado con materiales resistentes pero ligeros para muchas horas de uso c\u00f3modo.  Model : 7100119681\" \/>\n<meta property=\"og:url\" content=\"https:\/\/stethoscope24.com\/estetoscopio-littmann\/product\/littmann-stethoscope-classic-iii-burgundy-black-edition\/\" \/>\n<meta property=\"og:site_name\" content=\"Estetoscopio Littmann\" \/>\n<meta property=\"article:modified_time\" content=\"2024-01-18T09:36:02+00:00\" \/>\n<meta property=\"og:image\" content=\"https:\/\/stethoscope24.com\/estetoscopio-littmann\/wp-content\/uploads\/2020\/09\/Littmann_5868.jpg\" \/>\n\t<meta property=\"og:image:width\" content=\"400\" \/>\n\t<meta property=\"og:image:height\" content=\"400\" \/>\n\t<meta property=\"og:image:type\" content=\"image\/jpeg\" \/>\n<meta name=\"twitter:card\" content=\"summary_large_image\" \/>\n<meta name=\"twitter:label1\" content=\"Tiempo de lectura\" \/>\n\t<meta name=\"twitter:data1\" content=\"3 minutos\" \/>\n<script type=\"application\/ld+json\" class=\"yoast-schema-graph\">{\"@context\":\"https:\\\/\\\/schema.org\",\"@graph\":[{\"@type\":\"WebPage\",\"@id\":\"https:\\\/\\\/stethoscope24.com\\\/estetoscopio-littmann\\\/product\\\/littmann-stethoscope-classic-iii-burgundy-black-edition\\\/\",\"url\":\"https:\\\/\\\/stethoscope24.com\\\/estetoscopio-littmann\\\/product\\\/littmann-stethoscope-classic-iii-burgundy-black-edition\\\/\",\"name\":\"Estetoscopio Littmann Classic III Borgo\u00f1a \\\/ Edici\u00f3n en Negro - Estetoscopio Littmann\",\"isPartOf\":{\"@id\":\"https:\\\/\\\/stethoscope24.com\\\/estetoscopio-littmann\\\/#website\"},\"primaryImageOfPage\":{\"@id\":\"https:\\\/\\\/stethoscope24.com\\\/estetoscopio-littmann\\\/product\\\/littmann-stethoscope-classic-iii-burgundy-black-edition\\\/#primaryimage\"},\"image\":{\"@id\":\"https:\\\/\\\/stethoscope24.com\\\/estetoscopio-littmann\\\/product\\\/littmann-stethoscope-classic-iii-burgundy-black-edition\\\/#primaryimage\"},\"thumbnailUrl\":\"https:\\\/\\\/i0.wp.com\\\/stethoscope24.com\\\/estetoscopio-littmann\\\/wp-content\\\/uploads\\\/2020\\\/09\\\/Littmann_5868.jpg?fit=400%2C400&ssl=1\",\"datePublished\":\"2020-09-04T09:33:46+00:00\",\"dateModified\":\"2024-01-18T09:36:02+00:00\",\"breadcrumb\":{\"@id\":\"https:\\\/\\\/stethoscope24.com\\\/estetoscopio-littmann\\\/product\\\/littmann-stethoscope-classic-iii-burgundy-black-edition\\\/#breadcrumb\"},\"inLanguage\":\"es\",\"potentialAction\":[{\"@type\":\"ReadAction\",\"target\":[\"https:\\\/\\\/stethoscope24.com\\\/estetoscopio-littmann\\\/product\\\/littmann-stethoscope-classic-iii-burgundy-black-edition\\\/\"]}]},{\"@type\":\"ImageObject\",\"inLanguage\":\"es\",\"@id\":\"https:\\\/\\\/stethoscope24.com\\\/estetoscopio-littmann\\\/product\\\/littmann-stethoscope-classic-iii-burgundy-black-edition\\\/#primaryimage\",\"url\":\"https:\\\/\\\/i0.wp.com\\\/stethoscope24.com\\\/estetoscopio-littmann\\\/wp-content\\\/uploads\\\/2020\\\/09\\\/Littmann_5868.jpg?fit=400%2C400&ssl=1\",\"contentUrl\":\"https:\\\/\\\/i0.wp.com\\\/stethoscope24.com\\\/estetoscopio-littmann\\\/wp-content\\\/uploads\\\/2020\\\/09\\\/Littmann_5868.jpg?fit=400%2C400&ssl=1\",\"width\":400,\"height\":400,\"caption\":\"Littmann Stethoscope Classic III Burgundy \\\/ Black Edition 5868\"},{\"@type\":\"BreadcrumbList\",\"@id\":\"https:\\\/\\\/stethoscope24.com\\\/estetoscopio-littmann\\\/product\\\/littmann-stethoscope-classic-iii-burgundy-black-edition\\\/#breadcrumb\",\"itemListElement\":[{\"@type\":\"ListItem\",\"position\":1,\"name\":\"Home\",\"item\":\"https:\\\/\\\/stethoscope24.com\\\/estetoscopio-littmann\\\/\"},{\"@type\":\"ListItem\",\"position\":2,\"name\":\"Shop\",\"item\":\"https:\\\/\\\/stethoscope24.com\\\/estetoscopio-littmann\\\/shop\\\/\"},{\"@type\":\"ListItem\",\"position\":3,\"name\":\"Estetoscopio Littmann Classic III Borgo\u00f1a \\\/ Edici\u00f3n en Negro\"}]},{\"@type\":\"WebSite\",\"@id\":\"https:\\\/\\\/stethoscope24.com\\\/estetoscopio-littmann\\\/#website\",\"url\":\"https:\\\/\\\/stethoscope24.com\\\/estetoscopio-littmann\\\/\",\"name\":\"Estetoscopio Littmann\",\"description\":\"Estetoscopio Littmann\",\"publisher\":{\"@id\":\"https:\\\/\\\/stethoscope24.com\\\/estetoscopio-littmann\\\/#organization\"},\"potentialAction\":[{\"@type\":\"SearchAction\",\"target\":{\"@type\":\"EntryPoint\",\"urlTemplate\":\"https:\\\/\\\/stethoscope24.com\\\/estetoscopio-littmann\\\/?s={search_term_string}\"},\"query-input\":{\"@type\":\"PropertyValueSpecification\",\"valueRequired\":true,\"valueName\":\"search_term_string\"}}],\"inLanguage\":\"es\"},{\"@type\":\"Organization\",\"@id\":\"https:\\\/\\\/stethoscope24.com\\\/estetoscopio-littmann\\\/#organization\",\"name\":\"Estetoscopio Littmann\",\"url\":\"https:\\\/\\\/stethoscope24.com\\\/estetoscopio-littmann\\\/\",\"logo\":{\"@type\":\"ImageObject\",\"inLanguage\":\"es\",\"@id\":\"https:\\\/\\\/stethoscope24.com\\\/estetoscopio-littmann\\\/#\\\/schema\\\/logo\\\/image\\\/\",\"url\":\"https:\\\/\\\/i0.wp.com\\\/stethoscope24.com\\\/estetoscopio-littmann\\\/wp-content\\\/uploads\\\/2021\\\/03\\\/logostethoscope24-50.jpg?fit=298%2C50&ssl=1\",\"contentUrl\":\"https:\\\/\\\/i0.wp.com\\\/stethoscope24.com\\\/estetoscopio-littmann\\\/wp-content\\\/uploads\\\/2021\\\/03\\\/logostethoscope24-50.jpg?fit=298%2C50&ssl=1\",\"width\":298,\"height\":50,\"caption\":\"Estetoscopio Littmann\"},\"image\":{\"@id\":\"https:\\\/\\\/stethoscope24.com\\\/estetoscopio-littmann\\\/#\\\/schema\\\/logo\\\/image\\\/\"}}]}<\/script>\n<!-- \/ Yoast SEO plugin. -->","yoast_head_json":{"title":"Estetoscopio Littmann Classic III Borgo\u00f1a \/ Edici\u00f3n en Negro - Estetoscopio Littmann","robots":{"index":"index","follow":"follow","max-snippet":"max-snippet:-1","max-image-preview":"max-image-preview:large","max-video-preview":"max-video-preview:-1"},"canonical":"https:\/\/stethoscope24.com\/estetoscopio-littmann\/product\/littmann-stethoscope-classic-iii-burgundy-black-edition\/","og_locale":"es_MX","og_type":"article","og_title":"Estetoscopio Littmann Classic III Borgo\u00f1a \/ Edici\u00f3n en Negro - Estetoscopio Littmann","og_description":"Monitoree y valore a una amplia gama de pacientes.  Detecte sonidos y ritmos normales y anormales.  \u00daselo en entornos de cuidados no cr\u00edticos como un consultorio m\u00e9dico, un pabell\u00f3n general, un consultorio de obstetricia \/ ginecolog\u00eda, una cl\u00ednica ambulatoria o de atenci\u00f3n de urgencia.  Garant\u00eda de 5 a\u00f1os.  Divertido y colorido; combine el color y el acabado con su personalidad.  Dise\u00f1ado para su uso en adultos y ni\u00f1os.  Pieza tor\u00e1cica de acero inoxidable de doble c\u00e1psula sintonizable con campana abierta o cerrada.  Anillo antifr\u00edo para la campana para una mayor comodidad del paciente.  Las olivas de sellado suave brindan una comodidad \u00f3ptima y una excelente oclusi\u00f3n del sonido.  Fabricado en los Estados Unidos sin l\u00e1tex de caucho natural.  Ame a su estetoscopio.  El estetoscopio compacto y sensible Littmann Classic III es el instrumento perfecto para m\u00e9dicos que monitorean y valoran a ni\u00f1os o adultos en entornos no cr\u00edticos. Fabricado con materiales resistentes pero ligeros para muchas horas de uso c\u00f3modo.  Model : 7100119681","og_url":"https:\/\/stethoscope24.com\/estetoscopio-littmann\/product\/littmann-stethoscope-classic-iii-burgundy-black-edition\/","og_site_name":"Estetoscopio Littmann","article_modified_time":"2024-01-18T09:36:02+00:00","og_image":[{"width":400,"height":400,"url":"https:\/\/stethoscope24.com\/estetoscopio-littmann\/wp-content\/uploads\/2020\/09\/Littmann_5868.jpg","type":"image\/jpeg"}],"twitter_card":"summary_large_image","twitter_misc":{"Tiempo de lectura":"3 minutos"},"schema":{"@context":"https:\/\/schema.org","@graph":[{"@type":"WebPage","@id":"https:\/\/stethoscope24.com\/estetoscopio-littmann\/product\/littmann-stethoscope-classic-iii-burgundy-black-edition\/","url":"https:\/\/stethoscope24.com\/estetoscopio-littmann\/product\/littmann-stethoscope-classic-iii-burgundy-black-edition\/","name":"Estetoscopio Littmann Classic III Borgo\u00f1a \/ Edici\u00f3n en Negro - Estetoscopio Littmann","isPartOf":{"@id":"https:\/\/stethoscope24.com\/estetoscopio-littmann\/#website"},"primaryImageOfPage":{"@id":"https:\/\/stethoscope24.com\/estetoscopio-littmann\/product\/littmann-stethoscope-classic-iii-burgundy-black-edition\/#primaryimage"},"image":{"@id":"https:\/\/stethoscope24.com\/estetoscopio-littmann\/product\/littmann-stethoscope-classic-iii-burgundy-black-edition\/#primaryimage"},"thumbnailUrl":"https:\/\/i0.wp.com\/stethoscope24.com\/estetoscopio-littmann\/wp-content\/uploads\/2020\/09\/Littmann_5868.jpg?fit=400%2C400&ssl=1","datePublished":"2020-09-04T09:33:46+00:00","dateModified":"2024-01-18T09:36:02+00:00","breadcrumb":{"@id":"https:\/\/stethoscope24.com\/estetoscopio-littmann\/product\/littmann-stethoscope-classic-iii-burgundy-black-edition\/#breadcrumb"},"inLanguage":"es","potentialAction":[{"@type":"ReadAction","target":["https:\/\/stethoscope24.com\/estetoscopio-littmann\/product\/littmann-stethoscope-classic-iii-burgundy-black-edition\/"]}]},{"@type":"ImageObject","inLanguage":"es","@id":"https:\/\/stethoscope24.com\/estetoscopio-littmann\/product\/littmann-stethoscope-classic-iii-burgundy-black-edition\/#primaryimage","url":"https:\/\/i0.wp.com\/stethoscope24.com\/estetoscopio-littmann\/wp-content\/uploads\/2020\/09\/Littmann_5868.jpg?fit=400%2C400&ssl=1","contentUrl":"https:\/\/i0.wp.com\/stethoscope24.com\/estetoscopio-littmann\/wp-content\/uploads\/2020\/09\/Littmann_5868.jpg?fit=400%2C400&ssl=1","width":400,"height":400,"caption":"Littmann Stethoscope Classic III Burgundy \/ Black Edition 5868"},{"@type":"BreadcrumbList","@id":"https:\/\/stethoscope24.com\/estetoscopio-littmann\/product\/littmann-stethoscope-classic-iii-burgundy-black-edition\/#breadcrumb","itemListElement":[{"@type":"ListItem","position":1,"name":"Home","item":"https:\/\/stethoscope24.com\/estetoscopio-littmann\/"},{"@type":"ListItem","position":2,"name":"Shop","item":"https:\/\/stethoscope24.com\/estetoscopio-littmann\/shop\/"},{"@type":"ListItem","position":3,"name":"Estetoscopio Littmann Classic III Borgo\u00f1a \/ Edici\u00f3n en Negro"}]},{"@type":"WebSite","@id":"https:\/\/stethoscope24.com\/estetoscopio-littmann\/#website","url":"https:\/\/stethoscope24.com\/estetoscopio-littmann\/","name":"Estetoscopio Littmann","description":"Estetoscopio Littmann","publisher":{"@id":"https:\/\/stethoscope24.com\/estetoscopio-littmann\/#organization"},"potentialAction":[{"@type":"SearchAction","target":{"@type":"EntryPoint","urlTemplate":"https:\/\/stethoscope24.com\/estetoscopio-littmann\/?s={search_term_string}"},"query-input":{"@type":"PropertyValueSpecification","valueRequired":true,"valueName":"search_term_string"}}],"inLanguage":"es"},{"@type":"Organization","@id":"https:\/\/stethoscope24.com\/estetoscopio-littmann\/#organization","name":"Estetoscopio Littmann","url":"https:\/\/stethoscope24.com\/estetoscopio-littmann\/","logo":{"@type":"ImageObject","inLanguage":"es","@id":"https:\/\/stethoscope24.com\/estetoscopio-littmann\/#\/schema\/logo\/image\/","url":"https:\/\/i0.wp.com\/stethoscope24.com\/estetoscopio-littmann\/wp-content\/uploads\/2021\/03\/logostethoscope24-50.jpg?fit=298%2C50&ssl=1","contentUrl":"https:\/\/i0.wp.com\/stethoscope24.com\/estetoscopio-littmann\/wp-content\/uploads\/2021\/03\/logostethoscope24-50.jpg?fit=298%2C50&ssl=1","width":298,"height":50,"caption":"Estetoscopio Littmann"},"image":{"@id":"https:\/\/stethoscope24.com\/estetoscopio-littmann\/#\/schema\/logo\/image\/"}}]}},"jetpack_sharing_enabled":true,"_links":{"self":[{"href":"https:\/\/stethoscope24.com\/estetoscopio-littmann\/wp-json\/wp\/v2\/product\/21848","targetHints":{"allow":["GET"]}}],"collection":[{"href":"https:\/\/stethoscope24.com\/estetoscopio-littmann\/wp-json\/wp\/v2\/product"}],"about":[{"href":"https:\/\/stethoscope24.com\/estetoscopio-littmann\/wp-json\/wp\/v2\/types\/product"}],"replies":[{"embeddable":true,"href":"https:\/\/stethoscope24.com\/estetoscopio-littmann\/wp-json\/wp\/v2\/comments?post=21848"}],"wp:featuredmedia":[{"embeddable":true,"href":"https:\/\/stethoscope24.com\/estetoscopio-littmann\/wp-json\/wp\/v2\/media\/21830"}],"wp:attachment":[{"href":"https:\/\/stethoscope24.com\/estetoscopio-littmann\/wp-json\/wp\/v2\/media?parent=21848"}],"wp:term":[{"taxonomy":"product_brand","embeddable":true,"href":"https:\/\/stethoscope24.com\/estetoscopio-littmann\/wp-json\/wp\/v2\/product_brand?post=21848"},{"taxonomy":"product_cat","embeddable":true,"href":"https:\/\/stethoscope24.com\/estetoscopio-littmann\/wp-json\/wp\/v2\/product_cat?post=21848"},{"taxonomy":"product_tag","embeddable":true,"href":"https:\/\/stethoscope24.com\/estetoscopio-littmann\/wp-json\/wp\/v2\/product_tag?post=21848"}],"curies":[{"name":"wp","href":"https:\/\/api.w.org\/{rel}","templated":true}]}}