{"id":23367,"date":"2021-02-23T10:44:01","date_gmt":"2021-02-23T10:44:01","guid":{"rendered":"https:\/\/estetoscopiolittmann.com\/?post_type=product&#038;p=23367"},"modified":"2024-01-18T09:35:40","modified_gmt":"2024-01-18T09:35:40","slug":"kit-de-piezas-de-repuesto-para-estetoscopio-3m-littmann-classic-ii-s-e-gris","status":"publish","type":"product","link":"https:\/\/stethoscope24.com\/estetoscopio-littmann\/product\/kit-de-piezas-de-repuesto-para-estetoscopio-3m-littmann-classic-ii-s-e-gris\/","title":{"rendered":"Kit de Piezas de Repuesto para Estetoscopio 3M Littmann, Classic II S.E., Gris"},"content":{"rendered":"<p>Los estetoscopios 3M Littmann ofrecen la alta calidad que esperan los profesionales m\u00e9dicos, y cada pieza de repuesto y accesorio cumple con los mismos elevados est\u00e1ndares. Convenientemente empaquetado en kits que corresponden a nuestros modelos de estetoscopio, as\u00ed es un estetoscopio Littmann<\/p>\n<p>Juego de repuestos para estetoscopio Littmann para el Classic II S.E. de 3M. El estetoscopio contiene un anillo gris y un diafragma sintonizable para la c\u00e1psula para adulto de la pieza tor\u00e1cica y un anillo gris antifr\u00edo para la c\u00e1psula de la campana de la pieza tor\u00e1cica. Tambi\u00e9n se incluyen dos peque\u00f1as olivas grises (1,27 cm) de suave sellado herm\u00e9tico a presi\u00f3n.<\/p>\n<p>La tecnolog\u00eda de diafragma sintonizable, una invenci\u00f3n de 3M, permite a los m\u00e9dicos escuchar sonidos de diferente frecuencia simplemente ajustando la presi\u00f3n sobre la pieza tor\u00e1cica. Sostenga la pieza tor\u00e1cica con una ligera presi\u00f3n para escuchar sonidos de baja frecuencia; presione un poco m\u00e1s para escuchar sonidos de frecuencia m\u00e1s alta. Esta funcionalidad permite ahorrar tiempo de modo que el m\u00e9dico se pueda concentrar en el paciente, adem\u00e1s de que el anillo antifr\u00edo le brinda comodidad.<\/p>\n<p>Las olivas de suave sellado herm\u00e9tico a presi\u00f3n se adaptan a los o\u00eddos individuales para un excelente sellado ac\u00fastico y un ajuste c\u00f3modo. Las olivas encajan firmemente en los extremos de los tubos auditivos y, por seguridad, requieren un esfuerzo significativo para quitarse.<\/p>\n","protected":false},"excerpt":{"rendered":"<ul style=\"list-style-type: disc; list-style-position: outside;\">\n<li>Calidad y confiabilidad en un conveniente paquete.<\/li>\n<li>Contiene un peque\u00f1o anillo antifr\u00edo (1,27 cm), gris.<\/li>\n<li>Contiene un diafragma sintonizable y un anillo ensamblable para la pieza tor\u00e1cica del estetoscopio, en color gris.<\/li>\n<\/ul>\n","protected":false},"featured_media":23368,"comment_status":"open","ping_status":"closed","template":"","meta":[],"product_brand":[],"product_cat":[123],"product_tag":[369,370,371],"class_list":{"0":"post-23367","1":"product","2":"type-product","3":"status-publish","4":"has-post-thumbnail","6":"product_cat-estetoscopio-littmann-partes-de-repuesto","7":"product_tag-kit-de-piezas-de-repuesto-para-estetoscopio","8":"product_tag-kit-de-piezas-de-repuesto-para-estetoscopio-littmann","9":"product_tag-kit-de-piezas-de-repuesto-para-estetoscopio-littmann-classic-ii","10":"pa_marca-littmann","12":"first","13":"instock","14":"taxable","15":"shipping-taxable","16":"purchasable","17":"product-type-simple"},"yoast_head":"<!-- This site is optimized with the Yoast SEO plugin v27.4 - https:\/\/yoast.com\/product\/yoast-seo-wordpress\/ -->\n<title>Kit de Piezas de Repuesto para Estetoscopio 3M Littmann, Classic II S.E., Gris<\/title>\n<meta name=\"description\" content=\"Comprar ahora - Kit de Piezas de Repuesto para Estetoscopio 3M Littmann, Classic II S.E., Gris\" \/>\n<meta name=\"robots\" content=\"index, follow, max-snippet:-1, max-image-preview:large, max-video-preview:-1\" \/>\n<link rel=\"canonical\" href=\"https:\/\/stethoscope24.com\/estetoscopio-littmann\/product\/kit-de-piezas-de-repuesto-para-estetoscopio-3m-littmann-classic-ii-s-e-gris\/\" \/>\n<meta property=\"og:locale\" content=\"es_MX\" \/>\n<meta property=\"og:type\" content=\"article\" \/>\n<meta property=\"og:title\" content=\"Kit de Piezas de Repuesto para Estetoscopio 3M Littmann, Classic II S.E., Gris\" \/>\n<meta property=\"og:description\" content=\"Comprar ahora - Kit de Piezas de Repuesto para Estetoscopio 3M Littmann, Classic II S.E., Gris\" \/>\n<meta property=\"og:url\" content=\"https:\/\/stethoscope24.com\/estetoscopio-littmann\/product\/kit-de-piezas-de-repuesto-para-estetoscopio-3m-littmann-classic-ii-s-e-gris\/\" \/>\n<meta property=\"og:site_name\" content=\"Estetoscopio Littmann\" \/>\n<meta property=\"article:modified_time\" content=\"2024-01-18T09:35:40+00:00\" \/>\n<meta property=\"og:image\" content=\"https:\/\/stethoscope24.com\/estetoscopio-littmann\/wp-content\/uploads\/2021\/02\/40006-Grey.jpg\" \/>\n\t<meta property=\"og:image:width\" content=\"585\" \/>\n\t<meta property=\"og:image:height\" content=\"585\" \/>\n\t<meta property=\"og:image:type\" content=\"image\/jpeg\" \/>\n<meta name=\"twitter:card\" content=\"summary_large_image\" \/>\n<meta name=\"twitter:label1\" content=\"Tiempo de lectura\" \/>\n\t<meta name=\"twitter:data1\" content=\"2 minutos\" \/>\n<script type=\"application\/ld+json\" class=\"yoast-schema-graph\">{\"@context\":\"https:\\\/\\\/schema.org\",\"@graph\":[{\"@type\":\"WebPage\",\"@id\":\"https:\\\/\\\/stethoscope24.com\\\/estetoscopio-littmann\\\/product\\\/kit-de-piezas-de-repuesto-para-estetoscopio-3m-littmann-classic-ii-s-e-gris\\\/\",\"url\":\"https:\\\/\\\/stethoscope24.com\\\/estetoscopio-littmann\\\/product\\\/kit-de-piezas-de-repuesto-para-estetoscopio-3m-littmann-classic-ii-s-e-gris\\\/\",\"name\":\"Kit de Piezas de Repuesto para Estetoscopio 3M Littmann, Classic II S.E., Gris\",\"isPartOf\":{\"@id\":\"https:\\\/\\\/stethoscope24.com\\\/estetoscopio-littmann\\\/#website\"},\"primaryImageOfPage\":{\"@id\":\"https:\\\/\\\/stethoscope24.com\\\/estetoscopio-littmann\\\/product\\\/kit-de-piezas-de-repuesto-para-estetoscopio-3m-littmann-classic-ii-s-e-gris\\\/#primaryimage\"},\"image\":{\"@id\":\"https:\\\/\\\/stethoscope24.com\\\/estetoscopio-littmann\\\/product\\\/kit-de-piezas-de-repuesto-para-estetoscopio-3m-littmann-classic-ii-s-e-gris\\\/#primaryimage\"},\"thumbnailUrl\":\"https:\\\/\\\/i0.wp.com\\\/stethoscope24.com\\\/estetoscopio-littmann\\\/wp-content\\\/uploads\\\/2021\\\/02\\\/40006-Grey.jpg?fit=585%2C585&ssl=1\",\"datePublished\":\"2021-02-23T10:44:01+00:00\",\"dateModified\":\"2024-01-18T09:35:40+00:00\",\"description\":\"Comprar ahora - Kit de Piezas de Repuesto para Estetoscopio 3M Littmann, Classic II S.E., Gris\",\"breadcrumb\":{\"@id\":\"https:\\\/\\\/stethoscope24.com\\\/estetoscopio-littmann\\\/product\\\/kit-de-piezas-de-repuesto-para-estetoscopio-3m-littmann-classic-ii-s-e-gris\\\/#breadcrumb\"},\"inLanguage\":\"es\",\"potentialAction\":[{\"@type\":\"ReadAction\",\"target\":[\"https:\\\/\\\/stethoscope24.com\\\/estetoscopio-littmann\\\/product\\\/kit-de-piezas-de-repuesto-para-estetoscopio-3m-littmann-classic-ii-s-e-gris\\\/\"]}]},{\"@type\":\"ImageObject\",\"inLanguage\":\"es\",\"@id\":\"https:\\\/\\\/stethoscope24.com\\\/estetoscopio-littmann\\\/product\\\/kit-de-piezas-de-repuesto-para-estetoscopio-3m-littmann-classic-ii-s-e-gris\\\/#primaryimage\",\"url\":\"https:\\\/\\\/i0.wp.com\\\/stethoscope24.com\\\/estetoscopio-littmann\\\/wp-content\\\/uploads\\\/2021\\\/02\\\/40006-Grey.jpg?fit=585%2C585&ssl=1\",\"contentUrl\":\"https:\\\/\\\/i0.wp.com\\\/stethoscope24.com\\\/estetoscopio-littmann\\\/wp-content\\\/uploads\\\/2021\\\/02\\\/40006-Grey.jpg?fit=585%2C585&ssl=1\",\"width\":585,\"height\":585,\"caption\":\"3M Littmann stethoscope spare parts kit classic II S.E. 40006 Grey\"},{\"@type\":\"BreadcrumbList\",\"@id\":\"https:\\\/\\\/stethoscope24.com\\\/estetoscopio-littmann\\\/product\\\/kit-de-piezas-de-repuesto-para-estetoscopio-3m-littmann-classic-ii-s-e-gris\\\/#breadcrumb\",\"itemListElement\":[{\"@type\":\"ListItem\",\"position\":1,\"name\":\"Home\",\"item\":\"https:\\\/\\\/stethoscope24.com\\\/estetoscopio-littmann\\\/\"},{\"@type\":\"ListItem\",\"position\":2,\"name\":\"Shop\",\"item\":\"https:\\\/\\\/stethoscope24.com\\\/estetoscopio-littmann\\\/shop\\\/\"},{\"@type\":\"ListItem\",\"position\":3,\"name\":\"Kit de Piezas de Repuesto para Estetoscopio 3M Littmann, Classic II S.E., Gris\"}]},{\"@type\":\"WebSite\",\"@id\":\"https:\\\/\\\/stethoscope24.com\\\/estetoscopio-littmann\\\/#website\",\"url\":\"https:\\\/\\\/stethoscope24.com\\\/estetoscopio-littmann\\\/\",\"name\":\"Estetoscopio Littmann\",\"description\":\"Estetoscopio Littmann\",\"publisher\":{\"@id\":\"https:\\\/\\\/stethoscope24.com\\\/estetoscopio-littmann\\\/#organization\"},\"potentialAction\":[{\"@type\":\"SearchAction\",\"target\":{\"@type\":\"EntryPoint\",\"urlTemplate\":\"https:\\\/\\\/stethoscope24.com\\\/estetoscopio-littmann\\\/?s={search_term_string}\"},\"query-input\":{\"@type\":\"PropertyValueSpecification\",\"valueRequired\":true,\"valueName\":\"search_term_string\"}}],\"inLanguage\":\"es\"},{\"@type\":\"Organization\",\"@id\":\"https:\\\/\\\/stethoscope24.com\\\/estetoscopio-littmann\\\/#organization\",\"name\":\"Estetoscopio Littmann\",\"url\":\"https:\\\/\\\/stethoscope24.com\\\/estetoscopio-littmann\\\/\",\"logo\":{\"@type\":\"ImageObject\",\"inLanguage\":\"es\",\"@id\":\"https:\\\/\\\/stethoscope24.com\\\/estetoscopio-littmann\\\/#\\\/schema\\\/logo\\\/image\\\/\",\"url\":\"https:\\\/\\\/i0.wp.com\\\/stethoscope24.com\\\/estetoscopio-littmann\\\/wp-content\\\/uploads\\\/2021\\\/03\\\/logostethoscope24-50.jpg?fit=298%2C50&ssl=1\",\"contentUrl\":\"https:\\\/\\\/i0.wp.com\\\/stethoscope24.com\\\/estetoscopio-littmann\\\/wp-content\\\/uploads\\\/2021\\\/03\\\/logostethoscope24-50.jpg?fit=298%2C50&ssl=1\",\"width\":298,\"height\":50,\"caption\":\"Estetoscopio Littmann\"},\"image\":{\"@id\":\"https:\\\/\\\/stethoscope24.com\\\/estetoscopio-littmann\\\/#\\\/schema\\\/logo\\\/image\\\/\"}}]}<\/script>\n<!-- \/ Yoast SEO plugin. -->","yoast_head_json":{"title":"Kit de Piezas de Repuesto para Estetoscopio 3M Littmann, Classic II S.E., Gris","description":"Comprar ahora - Kit de Piezas de Repuesto para Estetoscopio 3M Littmann, Classic II S.E., Gris","robots":{"index":"index","follow":"follow","max-snippet":"max-snippet:-1","max-image-preview":"max-image-preview:large","max-video-preview":"max-video-preview:-1"},"canonical":"https:\/\/stethoscope24.com\/estetoscopio-littmann\/product\/kit-de-piezas-de-repuesto-para-estetoscopio-3m-littmann-classic-ii-s-e-gris\/","og_locale":"es_MX","og_type":"article","og_title":"Kit de Piezas de Repuesto para Estetoscopio 3M Littmann, Classic II S.E., Gris","og_description":"Comprar ahora - Kit de Piezas de Repuesto para Estetoscopio 3M Littmann, Classic II S.E., Gris","og_url":"https:\/\/stethoscope24.com\/estetoscopio-littmann\/product\/kit-de-piezas-de-repuesto-para-estetoscopio-3m-littmann-classic-ii-s-e-gris\/","og_site_name":"Estetoscopio Littmann","article_modified_time":"2024-01-18T09:35:40+00:00","og_image":[{"width":585,"height":585,"url":"https:\/\/stethoscope24.com\/estetoscopio-littmann\/wp-content\/uploads\/2021\/02\/40006-Grey.jpg","type":"image\/jpeg"}],"twitter_card":"summary_large_image","twitter_misc":{"Tiempo de lectura":"2 minutos"},"schema":{"@context":"https:\/\/schema.org","@graph":[{"@type":"WebPage","@id":"https:\/\/stethoscope24.com\/estetoscopio-littmann\/product\/kit-de-piezas-de-repuesto-para-estetoscopio-3m-littmann-classic-ii-s-e-gris\/","url":"https:\/\/stethoscope24.com\/estetoscopio-littmann\/product\/kit-de-piezas-de-repuesto-para-estetoscopio-3m-littmann-classic-ii-s-e-gris\/","name":"Kit de Piezas de Repuesto para Estetoscopio 3M Littmann, Classic II S.E., Gris","isPartOf":{"@id":"https:\/\/stethoscope24.com\/estetoscopio-littmann\/#website"},"primaryImageOfPage":{"@id":"https:\/\/stethoscope24.com\/estetoscopio-littmann\/product\/kit-de-piezas-de-repuesto-para-estetoscopio-3m-littmann-classic-ii-s-e-gris\/#primaryimage"},"image":{"@id":"https:\/\/stethoscope24.com\/estetoscopio-littmann\/product\/kit-de-piezas-de-repuesto-para-estetoscopio-3m-littmann-classic-ii-s-e-gris\/#primaryimage"},"thumbnailUrl":"https:\/\/i0.wp.com\/stethoscope24.com\/estetoscopio-littmann\/wp-content\/uploads\/2021\/02\/40006-Grey.jpg?fit=585%2C585&ssl=1","datePublished":"2021-02-23T10:44:01+00:00","dateModified":"2024-01-18T09:35:40+00:00","description":"Comprar ahora - Kit de Piezas de Repuesto para Estetoscopio 3M Littmann, Classic II S.E., Gris","breadcrumb":{"@id":"https:\/\/stethoscope24.com\/estetoscopio-littmann\/product\/kit-de-piezas-de-repuesto-para-estetoscopio-3m-littmann-classic-ii-s-e-gris\/#breadcrumb"},"inLanguage":"es","potentialAction":[{"@type":"ReadAction","target":["https:\/\/stethoscope24.com\/estetoscopio-littmann\/product\/kit-de-piezas-de-repuesto-para-estetoscopio-3m-littmann-classic-ii-s-e-gris\/"]}]},{"@type":"ImageObject","inLanguage":"es","@id":"https:\/\/stethoscope24.com\/estetoscopio-littmann\/product\/kit-de-piezas-de-repuesto-para-estetoscopio-3m-littmann-classic-ii-s-e-gris\/#primaryimage","url":"https:\/\/i0.wp.com\/stethoscope24.com\/estetoscopio-littmann\/wp-content\/uploads\/2021\/02\/40006-Grey.jpg?fit=585%2C585&ssl=1","contentUrl":"https:\/\/i0.wp.com\/stethoscope24.com\/estetoscopio-littmann\/wp-content\/uploads\/2021\/02\/40006-Grey.jpg?fit=585%2C585&ssl=1","width":585,"height":585,"caption":"3M Littmann stethoscope spare parts kit classic II S.E. 40006 Grey"},{"@type":"BreadcrumbList","@id":"https:\/\/stethoscope24.com\/estetoscopio-littmann\/product\/kit-de-piezas-de-repuesto-para-estetoscopio-3m-littmann-classic-ii-s-e-gris\/#breadcrumb","itemListElement":[{"@type":"ListItem","position":1,"name":"Home","item":"https:\/\/stethoscope24.com\/estetoscopio-littmann\/"},{"@type":"ListItem","position":2,"name":"Shop","item":"https:\/\/stethoscope24.com\/estetoscopio-littmann\/shop\/"},{"@type":"ListItem","position":3,"name":"Kit de Piezas de Repuesto para Estetoscopio 3M Littmann, Classic II S.E., Gris"}]},{"@type":"WebSite","@id":"https:\/\/stethoscope24.com\/estetoscopio-littmann\/#website","url":"https:\/\/stethoscope24.com\/estetoscopio-littmann\/","name":"Estetoscopio Littmann","description":"Estetoscopio Littmann","publisher":{"@id":"https:\/\/stethoscope24.com\/estetoscopio-littmann\/#organization"},"potentialAction":[{"@type":"SearchAction","target":{"@type":"EntryPoint","urlTemplate":"https:\/\/stethoscope24.com\/estetoscopio-littmann\/?s={search_term_string}"},"query-input":{"@type":"PropertyValueSpecification","valueRequired":true,"valueName":"search_term_string"}}],"inLanguage":"es"},{"@type":"Organization","@id":"https:\/\/stethoscope24.com\/estetoscopio-littmann\/#organization","name":"Estetoscopio Littmann","url":"https:\/\/stethoscope24.com\/estetoscopio-littmann\/","logo":{"@type":"ImageObject","inLanguage":"es","@id":"https:\/\/stethoscope24.com\/estetoscopio-littmann\/#\/schema\/logo\/image\/","url":"https:\/\/i0.wp.com\/stethoscope24.com\/estetoscopio-littmann\/wp-content\/uploads\/2021\/03\/logostethoscope24-50.jpg?fit=298%2C50&ssl=1","contentUrl":"https:\/\/i0.wp.com\/stethoscope24.com\/estetoscopio-littmann\/wp-content\/uploads\/2021\/03\/logostethoscope24-50.jpg?fit=298%2C50&ssl=1","width":298,"height":50,"caption":"Estetoscopio Littmann"},"image":{"@id":"https:\/\/stethoscope24.com\/estetoscopio-littmann\/#\/schema\/logo\/image\/"}}]}},"jetpack_sharing_enabled":true,"_links":{"self":[{"href":"https:\/\/stethoscope24.com\/estetoscopio-littmann\/wp-json\/wp\/v2\/product\/23367","targetHints":{"allow":["GET"]}}],"collection":[{"href":"https:\/\/stethoscope24.com\/estetoscopio-littmann\/wp-json\/wp\/v2\/product"}],"about":[{"href":"https:\/\/stethoscope24.com\/estetoscopio-littmann\/wp-json\/wp\/v2\/types\/product"}],"replies":[{"embeddable":true,"href":"https:\/\/stethoscope24.com\/estetoscopio-littmann\/wp-json\/wp\/v2\/comments?post=23367"}],"wp:featuredmedia":[{"embeddable":true,"href":"https:\/\/stethoscope24.com\/estetoscopio-littmann\/wp-json\/wp\/v2\/media\/23368"}],"wp:attachment":[{"href":"https:\/\/stethoscope24.com\/estetoscopio-littmann\/wp-json\/wp\/v2\/media?parent=23367"}],"wp:term":[{"taxonomy":"product_brand","embeddable":true,"href":"https:\/\/stethoscope24.com\/estetoscopio-littmann\/wp-json\/wp\/v2\/product_brand?post=23367"},{"taxonomy":"product_cat","embeddable":true,"href":"https:\/\/stethoscope24.com\/estetoscopio-littmann\/wp-json\/wp\/v2\/product_cat?post=23367"},{"taxonomy":"product_tag","embeddable":true,"href":"https:\/\/stethoscope24.com\/estetoscopio-littmann\/wp-json\/wp\/v2\/product_tag?post=23367"}],"curies":[{"name":"wp","href":"https:\/\/api.w.org\/{rel}","templated":true}]}}