{"id":23392,"date":"2021-02-23T15:19:27","date_gmt":"2021-02-23T15:19:27","guid":{"rendered":"https:\/\/estetoscopiolittmann.com\/?post_type=product&#038;p=23392"},"modified":"2024-01-18T09:35:32","modified_gmt":"2024-01-18T09:35:32","slug":"etiqueta-de-identificacion-del-estetoscopio-littmann-de-3m-gris","status":"publish","type":"product","link":"https:\/\/stethoscope24.com\/estetoscopio-littmann\/product\/etiqueta-de-identificacion-del-estetoscopio-littmann-de-3m-gris\/","title":{"rendered":"Etiqueta de Identificaci\u00f3n del Estetoscopio Littmann de 3M, Gris"},"content":{"rendered":"<p class=\"mds-font_body sps2-pdp_description--benefit\">La etiqueta proporciona una f\u00e1cil identificaci\u00f3n del estetoscopio<\/p>\n<p class=\"mds-font_body sps2-pdp_description--benefit\">Informaci\u00f3n del servicio de grabado de pedido por correo incluida con etiqueta de identificaci\u00f3n para una opci\u00f3n de grabado f\u00e1cil y de alta calidad<\/p>\n<p class=\"mds-font_body sps2-pdp_description--benefit\">Adecuada para todos los modelos<\/p>\n","protected":false},"excerpt":{"rendered":"<ul style=\"list-style-type: disc; list-style-position: outside;\">\n<li>La etiqueta de identificaci\u00f3n provee al estetoscopio de una f\u00e1cil identificaci\u00f3n.<\/li>\n<li>Para su comodidad, en la etiqueta de identificaci\u00f3n del estetoscopio se incluye la informaci\u00f3n del servicio de grabado para pedidos por correo en caso de que desee ordenar el grabado de alta calidad.<\/li>\n<li>Personalizar los estetoscopios Littmann de 3M.<\/li>\n<\/ul>\n","protected":false},"featured_media":23394,"comment_status":"open","ping_status":"closed","template":"","meta":[],"product_brand":[],"product_cat":[123],"product_tag":[381],"class_list":{"0":"post-23392","1":"product","2":"type-product","3":"status-publish","4":"has-post-thumbnail","6":"product_cat-estetoscopio-littmann-partes-de-repuesto","7":"product_tag-etiqueta-de-identificacion-del-estetoscopio-littmann","8":"pa_marca-littmann","10":"first","11":"instock","12":"taxable","13":"shipping-taxable","14":"purchasable","15":"product-type-simple"},"yoast_head":"<!-- This site is optimized with the Yoast SEO plugin v27.4 - https:\/\/yoast.com\/product\/yoast-seo-wordpress\/ -->\n<title>Etiqueta de Identificaci\u00f3n del Estetoscopio Littmann de 3M, Gris<\/title>\n<meta name=\"description\" content=\"Comprar ahora - Etiqueta de Identificaci\u00f3n del Estetoscopio Littmann\" \/>\n<meta name=\"robots\" content=\"index, follow, max-snippet:-1, max-image-preview:large, max-video-preview:-1\" \/>\n<link rel=\"canonical\" href=\"https:\/\/stethoscope24.com\/estetoscopio-littmann\/product\/etiqueta-de-identificacion-del-estetoscopio-littmann-de-3m-gris\/\" \/>\n<meta property=\"og:locale\" content=\"es_MX\" \/>\n<meta property=\"og:type\" content=\"article\" \/>\n<meta property=\"og:title\" content=\"Etiqueta de Identificaci\u00f3n del Estetoscopio Littmann de 3M, Gris\" \/>\n<meta property=\"og:description\" content=\"Comprar ahora - Etiqueta de Identificaci\u00f3n del Estetoscopio Littmann\" \/>\n<meta property=\"og:url\" content=\"https:\/\/stethoscope24.com\/estetoscopio-littmann\/product\/etiqueta-de-identificacion-del-estetoscopio-littmann-de-3m-gris\/\" \/>\n<meta property=\"og:site_name\" content=\"Estetoscopio Littmann\" \/>\n<meta property=\"article:modified_time\" content=\"2024-01-18T09:35:32+00:00\" \/>\n<meta property=\"og:image\" content=\"https:\/\/stethoscope24.com\/estetoscopio-littmann\/wp-content\/uploads\/2021\/02\/51495.jpg\" \/>\n\t<meta property=\"og:image:width\" content=\"853\" \/>\n\t<meta property=\"og:image:height\" content=\"640\" \/>\n\t<meta property=\"og:image:type\" content=\"image\/jpeg\" \/>\n<meta name=\"twitter:card\" content=\"summary_large_image\" \/>\n<meta name=\"twitter:label1\" content=\"Tiempo de lectura\" \/>\n\t<meta name=\"twitter:data1\" content=\"1 minuto\" \/>\n<script type=\"application\/ld+json\" class=\"yoast-schema-graph\">{\"@context\":\"https:\\\/\\\/schema.org\",\"@graph\":[{\"@type\":\"WebPage\",\"@id\":\"https:\\\/\\\/stethoscope24.com\\\/estetoscopio-littmann\\\/product\\\/etiqueta-de-identificacion-del-estetoscopio-littmann-de-3m-gris\\\/\",\"url\":\"https:\\\/\\\/stethoscope24.com\\\/estetoscopio-littmann\\\/product\\\/etiqueta-de-identificacion-del-estetoscopio-littmann-de-3m-gris\\\/\",\"name\":\"Etiqueta de Identificaci\u00f3n del Estetoscopio Littmann de 3M, Gris\",\"isPartOf\":{\"@id\":\"https:\\\/\\\/stethoscope24.com\\\/estetoscopio-littmann\\\/#website\"},\"primaryImageOfPage\":{\"@id\":\"https:\\\/\\\/stethoscope24.com\\\/estetoscopio-littmann\\\/product\\\/etiqueta-de-identificacion-del-estetoscopio-littmann-de-3m-gris\\\/#primaryimage\"},\"image\":{\"@id\":\"https:\\\/\\\/stethoscope24.com\\\/estetoscopio-littmann\\\/product\\\/etiqueta-de-identificacion-del-estetoscopio-littmann-de-3m-gris\\\/#primaryimage\"},\"thumbnailUrl\":\"https:\\\/\\\/i0.wp.com\\\/stethoscope24.com\\\/estetoscopio-littmann\\\/wp-content\\\/uploads\\\/2021\\\/02\\\/51495.jpg?fit=853%2C640&ssl=1\",\"datePublished\":\"2021-02-23T15:19:27+00:00\",\"dateModified\":\"2024-01-18T09:35:32+00:00\",\"description\":\"Comprar ahora - Etiqueta de Identificaci\u00f3n del Estetoscopio Littmann\",\"breadcrumb\":{\"@id\":\"https:\\\/\\\/stethoscope24.com\\\/estetoscopio-littmann\\\/product\\\/etiqueta-de-identificacion-del-estetoscopio-littmann-de-3m-gris\\\/#breadcrumb\"},\"inLanguage\":\"es\",\"potentialAction\":[{\"@type\":\"ReadAction\",\"target\":[\"https:\\\/\\\/stethoscope24.com\\\/estetoscopio-littmann\\\/product\\\/etiqueta-de-identificacion-del-estetoscopio-littmann-de-3m-gris\\\/\"]}]},{\"@type\":\"ImageObject\",\"inLanguage\":\"es\",\"@id\":\"https:\\\/\\\/stethoscope24.com\\\/estetoscopio-littmann\\\/product\\\/etiqueta-de-identificacion-del-estetoscopio-littmann-de-3m-gris\\\/#primaryimage\",\"url\":\"https:\\\/\\\/i0.wp.com\\\/stethoscope24.com\\\/estetoscopio-littmann\\\/wp-content\\\/uploads\\\/2021\\\/02\\\/51495.jpg?fit=853%2C640&ssl=1\",\"contentUrl\":\"https:\\\/\\\/i0.wp.com\\\/stethoscope24.com\\\/estetoscopio-littmann\\\/wp-content\\\/uploads\\\/2021\\\/02\\\/51495.jpg?fit=853%2C640&ssl=1\",\"width\":853,\"height\":640,\"caption\":\"Etiqueta de Identificaci\u00f3n del Estetoscopio Littmann de 3M\"},{\"@type\":\"BreadcrumbList\",\"@id\":\"https:\\\/\\\/stethoscope24.com\\\/estetoscopio-littmann\\\/product\\\/etiqueta-de-identificacion-del-estetoscopio-littmann-de-3m-gris\\\/#breadcrumb\",\"itemListElement\":[{\"@type\":\"ListItem\",\"position\":1,\"name\":\"Home\",\"item\":\"https:\\\/\\\/stethoscope24.com\\\/estetoscopio-littmann\\\/\"},{\"@type\":\"ListItem\",\"position\":2,\"name\":\"Shop\",\"item\":\"https:\\\/\\\/stethoscope24.com\\\/estetoscopio-littmann\\\/shop\\\/\"},{\"@type\":\"ListItem\",\"position\":3,\"name\":\"Etiqueta de Identificaci\u00f3n del Estetoscopio Littmann de 3M, Gris\"}]},{\"@type\":\"WebSite\",\"@id\":\"https:\\\/\\\/stethoscope24.com\\\/estetoscopio-littmann\\\/#website\",\"url\":\"https:\\\/\\\/stethoscope24.com\\\/estetoscopio-littmann\\\/\",\"name\":\"Estetoscopio Littmann\",\"description\":\"Estetoscopio Littmann\",\"publisher\":{\"@id\":\"https:\\\/\\\/stethoscope24.com\\\/estetoscopio-littmann\\\/#organization\"},\"potentialAction\":[{\"@type\":\"SearchAction\",\"target\":{\"@type\":\"EntryPoint\",\"urlTemplate\":\"https:\\\/\\\/stethoscope24.com\\\/estetoscopio-littmann\\\/?s={search_term_string}\"},\"query-input\":{\"@type\":\"PropertyValueSpecification\",\"valueRequired\":true,\"valueName\":\"search_term_string\"}}],\"inLanguage\":\"es\"},{\"@type\":\"Organization\",\"@id\":\"https:\\\/\\\/stethoscope24.com\\\/estetoscopio-littmann\\\/#organization\",\"name\":\"Estetoscopio Littmann\",\"url\":\"https:\\\/\\\/stethoscope24.com\\\/estetoscopio-littmann\\\/\",\"logo\":{\"@type\":\"ImageObject\",\"inLanguage\":\"es\",\"@id\":\"https:\\\/\\\/stethoscope24.com\\\/estetoscopio-littmann\\\/#\\\/schema\\\/logo\\\/image\\\/\",\"url\":\"https:\\\/\\\/i0.wp.com\\\/stethoscope24.com\\\/estetoscopio-littmann\\\/wp-content\\\/uploads\\\/2021\\\/03\\\/logostethoscope24-50.jpg?fit=298%2C50&ssl=1\",\"contentUrl\":\"https:\\\/\\\/i0.wp.com\\\/stethoscope24.com\\\/estetoscopio-littmann\\\/wp-content\\\/uploads\\\/2021\\\/03\\\/logostethoscope24-50.jpg?fit=298%2C50&ssl=1\",\"width\":298,\"height\":50,\"caption\":\"Estetoscopio Littmann\"},\"image\":{\"@id\":\"https:\\\/\\\/stethoscope24.com\\\/estetoscopio-littmann\\\/#\\\/schema\\\/logo\\\/image\\\/\"}}]}<\/script>\n<!-- \/ Yoast SEO plugin. -->","yoast_head_json":{"title":"Etiqueta de Identificaci\u00f3n del Estetoscopio Littmann de 3M, Gris","description":"Comprar ahora - Etiqueta de Identificaci\u00f3n del Estetoscopio Littmann","robots":{"index":"index","follow":"follow","max-snippet":"max-snippet:-1","max-image-preview":"max-image-preview:large","max-video-preview":"max-video-preview:-1"},"canonical":"https:\/\/stethoscope24.com\/estetoscopio-littmann\/product\/etiqueta-de-identificacion-del-estetoscopio-littmann-de-3m-gris\/","og_locale":"es_MX","og_type":"article","og_title":"Etiqueta de Identificaci\u00f3n del Estetoscopio Littmann de 3M, Gris","og_description":"Comprar ahora - Etiqueta de Identificaci\u00f3n del Estetoscopio Littmann","og_url":"https:\/\/stethoscope24.com\/estetoscopio-littmann\/product\/etiqueta-de-identificacion-del-estetoscopio-littmann-de-3m-gris\/","og_site_name":"Estetoscopio Littmann","article_modified_time":"2024-01-18T09:35:32+00:00","og_image":[{"width":853,"height":640,"url":"https:\/\/stethoscope24.com\/estetoscopio-littmann\/wp-content\/uploads\/2021\/02\/51495.jpg","type":"image\/jpeg"}],"twitter_card":"summary_large_image","twitter_misc":{"Tiempo de lectura":"1 minuto"},"schema":{"@context":"https:\/\/schema.org","@graph":[{"@type":"WebPage","@id":"https:\/\/stethoscope24.com\/estetoscopio-littmann\/product\/etiqueta-de-identificacion-del-estetoscopio-littmann-de-3m-gris\/","url":"https:\/\/stethoscope24.com\/estetoscopio-littmann\/product\/etiqueta-de-identificacion-del-estetoscopio-littmann-de-3m-gris\/","name":"Etiqueta de Identificaci\u00f3n del Estetoscopio Littmann de 3M, Gris","isPartOf":{"@id":"https:\/\/stethoscope24.com\/estetoscopio-littmann\/#website"},"primaryImageOfPage":{"@id":"https:\/\/stethoscope24.com\/estetoscopio-littmann\/product\/etiqueta-de-identificacion-del-estetoscopio-littmann-de-3m-gris\/#primaryimage"},"image":{"@id":"https:\/\/stethoscope24.com\/estetoscopio-littmann\/product\/etiqueta-de-identificacion-del-estetoscopio-littmann-de-3m-gris\/#primaryimage"},"thumbnailUrl":"https:\/\/i0.wp.com\/stethoscope24.com\/estetoscopio-littmann\/wp-content\/uploads\/2021\/02\/51495.jpg?fit=853%2C640&ssl=1","datePublished":"2021-02-23T15:19:27+00:00","dateModified":"2024-01-18T09:35:32+00:00","description":"Comprar ahora - Etiqueta de Identificaci\u00f3n del Estetoscopio Littmann","breadcrumb":{"@id":"https:\/\/stethoscope24.com\/estetoscopio-littmann\/product\/etiqueta-de-identificacion-del-estetoscopio-littmann-de-3m-gris\/#breadcrumb"},"inLanguage":"es","potentialAction":[{"@type":"ReadAction","target":["https:\/\/stethoscope24.com\/estetoscopio-littmann\/product\/etiqueta-de-identificacion-del-estetoscopio-littmann-de-3m-gris\/"]}]},{"@type":"ImageObject","inLanguage":"es","@id":"https:\/\/stethoscope24.com\/estetoscopio-littmann\/product\/etiqueta-de-identificacion-del-estetoscopio-littmann-de-3m-gris\/#primaryimage","url":"https:\/\/i0.wp.com\/stethoscope24.com\/estetoscopio-littmann\/wp-content\/uploads\/2021\/02\/51495.jpg?fit=853%2C640&ssl=1","contentUrl":"https:\/\/i0.wp.com\/stethoscope24.com\/estetoscopio-littmann\/wp-content\/uploads\/2021\/02\/51495.jpg?fit=853%2C640&ssl=1","width":853,"height":640,"caption":"Etiqueta de Identificaci\u00f3n del Estetoscopio Littmann de 3M"},{"@type":"BreadcrumbList","@id":"https:\/\/stethoscope24.com\/estetoscopio-littmann\/product\/etiqueta-de-identificacion-del-estetoscopio-littmann-de-3m-gris\/#breadcrumb","itemListElement":[{"@type":"ListItem","position":1,"name":"Home","item":"https:\/\/stethoscope24.com\/estetoscopio-littmann\/"},{"@type":"ListItem","position":2,"name":"Shop","item":"https:\/\/stethoscope24.com\/estetoscopio-littmann\/shop\/"},{"@type":"ListItem","position":3,"name":"Etiqueta de Identificaci\u00f3n del Estetoscopio Littmann de 3M, Gris"}]},{"@type":"WebSite","@id":"https:\/\/stethoscope24.com\/estetoscopio-littmann\/#website","url":"https:\/\/stethoscope24.com\/estetoscopio-littmann\/","name":"Estetoscopio Littmann","description":"Estetoscopio Littmann","publisher":{"@id":"https:\/\/stethoscope24.com\/estetoscopio-littmann\/#organization"},"potentialAction":[{"@type":"SearchAction","target":{"@type":"EntryPoint","urlTemplate":"https:\/\/stethoscope24.com\/estetoscopio-littmann\/?s={search_term_string}"},"query-input":{"@type":"PropertyValueSpecification","valueRequired":true,"valueName":"search_term_string"}}],"inLanguage":"es"},{"@type":"Organization","@id":"https:\/\/stethoscope24.com\/estetoscopio-littmann\/#organization","name":"Estetoscopio Littmann","url":"https:\/\/stethoscope24.com\/estetoscopio-littmann\/","logo":{"@type":"ImageObject","inLanguage":"es","@id":"https:\/\/stethoscope24.com\/estetoscopio-littmann\/#\/schema\/logo\/image\/","url":"https:\/\/i0.wp.com\/stethoscope24.com\/estetoscopio-littmann\/wp-content\/uploads\/2021\/03\/logostethoscope24-50.jpg?fit=298%2C50&ssl=1","contentUrl":"https:\/\/i0.wp.com\/stethoscope24.com\/estetoscopio-littmann\/wp-content\/uploads\/2021\/03\/logostethoscope24-50.jpg?fit=298%2C50&ssl=1","width":298,"height":50,"caption":"Estetoscopio Littmann"},"image":{"@id":"https:\/\/stethoscope24.com\/estetoscopio-littmann\/#\/schema\/logo\/image\/"}}]}},"jetpack_sharing_enabled":true,"_links":{"self":[{"href":"https:\/\/stethoscope24.com\/estetoscopio-littmann\/wp-json\/wp\/v2\/product\/23392","targetHints":{"allow":["GET"]}}],"collection":[{"href":"https:\/\/stethoscope24.com\/estetoscopio-littmann\/wp-json\/wp\/v2\/product"}],"about":[{"href":"https:\/\/stethoscope24.com\/estetoscopio-littmann\/wp-json\/wp\/v2\/types\/product"}],"replies":[{"embeddable":true,"href":"https:\/\/stethoscope24.com\/estetoscopio-littmann\/wp-json\/wp\/v2\/comments?post=23392"}],"wp:featuredmedia":[{"embeddable":true,"href":"https:\/\/stethoscope24.com\/estetoscopio-littmann\/wp-json\/wp\/v2\/media\/23394"}],"wp:attachment":[{"href":"https:\/\/stethoscope24.com\/estetoscopio-littmann\/wp-json\/wp\/v2\/media?parent=23392"}],"wp:term":[{"taxonomy":"product_brand","embeddable":true,"href":"https:\/\/stethoscope24.com\/estetoscopio-littmann\/wp-json\/wp\/v2\/product_brand?post=23392"},{"taxonomy":"product_cat","embeddable":true,"href":"https:\/\/stethoscope24.com\/estetoscopio-littmann\/wp-json\/wp\/v2\/product_cat?post=23392"},{"taxonomy":"product_tag","embeddable":true,"href":"https:\/\/stethoscope24.com\/estetoscopio-littmann\/wp-json\/wp\/v2\/product_tag?post=23392"}],"curies":[{"name":"wp","href":"https:\/\/api.w.org\/{rel}","templated":true}]}}