{"id":24247,"date":"2021-06-17T10:10:35","date_gmt":"2021-06-17T10:10:35","guid":{"rendered":"https:\/\/estetoscopiolittmann.com\/product\/estetoscopio-littmann-lightweight-ii-s-e-azul-caribe\/"},"modified":"2024-01-18T09:35:22","modified_gmt":"2024-01-18T09:35:22","slug":"estetoscopio-littmann-lightweight-ii-s-e-azul-caribe","status":"publish","type":"product","link":"https:\/\/stethoscope24.com\/estetoscopio-littmann\/product\/estetoscopio-littmann-lightweight-ii-s-e-azul-caribe\/","title":{"rendered":"Estetoscopio Littmann Lightweight II S.E. Azul Caribe"},"content":{"rendered":"<h1>Estetoscopio Littmann Lightweight II S.E. Azul Caribe<\/h1>\n<p>El estetoscopio Littmann Lightweight II S.E. de 3Mes un instrumento b\u00e1sico ideal especialmente dise\u00f1ado para el monitoreo b\u00e1sico de la presi\u00f3n arterial y la valoraci\u00f3n del estado f\u00edsico. Su dise\u00f1o en forma de l\u00e1grima facilita la auscultaci\u00f3n alrededor de los esfigmoman\u00f3metros, lo que resulta en una valoraci\u00f3n f\u00edsica m\u00e1s c\u00f3moda para los pacientes adultos. El estetoscopio Littmann Lightweight II S.E. de 3M le brinda beneficios como un diafragma sintonizable, una pieza tor\u00e1cica de doble c\u00e1psula, un auricular ajustable y un rendimiento ac\u00fastico confiable. Elimine el ruido y sintonice lo que realmente importa con el Estetoscopio Littmann Lightweight II S.E. de 3M.<\/p>\n<p>El estetoscopio Littmann Lightweight II S.E. de 3M est\u00e1 dise\u00f1ado exclusivamente para personal de salud de nivel b\u00e1sico al tomar lecturas de presi\u00f3n arterial y realizar valoraciones del estado f\u00edsico de pacientes adultos. Este extraordinario instrumento m\u00e9dico ofrece una variedad de caracter\u00edsticas y beneficios, como un diafragma sintonizable, una pieza tor\u00e1cica de doble cara, auriculares ajustables y tecnolog\u00eda liviana. La tecnolog\u00eda de diafragma sintonizable, una invenci\u00f3n de 3M, permite a los profesionales m\u00e9dicos escuchar diferentes sonidos de frecuencia simplemente ajustando la presi\u00f3n sobre la pieza tor\u00e1cica. Sostenga la pieza tor\u00e1cica con una ligera presi\u00f3n para escuchar sonidos de baja frecuencia; presione un poco m\u00e1s fuerte para escuchar sonidos de frecuencia m\u00e1s alta.<\/p>\n<p>Esta funci\u00f3n de ahorro de tiempo permite que el proveedor de atenci\u00f3n m\u00e9dica se concentre en el paciente, mientras que el diafragma y el anillo antifr\u00edo brindan comodidad al paciente.<\/p>\n<p>Para su comodidad, en el estetoscopio Littmann Lightweight II S.E. de 3M la tensi\u00f3n de la diadema se ajusta f\u00e1cilmente al tama\u00f1o de la cabeza al juntar o separar los tubos auditivos.<\/p>\n<p>Las olivas de sellado herm\u00e9tico suave se adaptan a sus o\u00eddos para obtener un excelente sellado ac\u00fastico y un ajuste c\u00f3modo.<\/p>\n<p>No se utiliza l\u00e1tex de caucho natural en la fabricaci\u00f3n del tubo flexible de los estetoscopios de \u00faltima generaci\u00f3n, lo que resulta en un beneficio para los profesionales m\u00e9dicos sensibles y sus pacientes.<\/p>\n<p>Los estetoscopios Littmann Lightweight II S.E. de 3M tambi\u00e9n contribuyen en la protecci\u00f3n de la salud humana y el medio ambiente al eliminar los plastificantes de ftalato da\u00f1inos de la composici\u00f3n de los materiales del tubo flexible.<\/p>\n","protected":false},"excerpt":{"rendered":"<ul style=\"list-style-type: disc; list-style-position: outside;\">\n<li>Una respuesta ac\u00fastica clara y confiable y un peso ligero se combinan para hacer de este un instrumento b\u00e1sico ideal<\/li>\n<li>La pieza tor\u00e1cica de doble c\u00e1psula proporciona versatilidad tanto con su diafragma sintonizable como con su campana abierta<\/li>\n<li>Su dise\u00f1o en forma de l\u00e1grima facilita su posicionamiento debajo de los esfigmoman\u00f3metros y alrededor de vendajes<\/li>\n<li>Diafragma sintonizable: escuche sonidos de alta o baja frecuencia ajustando ligeramente la presi\u00f3n en la pieza tor\u00e1cica<\/li>\n<li>El anillo antifr\u00edo y el diafragma brindan m\u00e1xima comodidad al paciente<\/li>\n<li>Las olivas de sellado suave brindan un excelente sellado ac\u00fastico y un ajuste c\u00f3modo<\/li>\n<li>Garant\u00eda limitada de 2 a\u00f1os<\/li>\n<li>Model : 7100212919<\/li>\n<\/ul>\n","protected":false},"featured_media":24120,"comment_status":"open","ping_status":"closed","template":"","meta":[],"product_brand":[],"product_cat":[179,219],"product_tag":[300],"class_list":{"0":"post-24247","1":"product","2":"type-product","3":"status-publish","4":"has-post-thumbnail","6":"product_cat-estetoscopio-littmann","7":"product_cat-estetoscopio-littmann-lightweight","8":"product_tag-estetoscopio-littmann-lightweight","9":"pa_acabado-de-la-pechera-acabado-standard","10":"pa_desempeno-195","11":"pa_marca-littmann","12":"pa_vastago-color-standard","14":"first","15":"instock","16":"taxable","17":"shipping-taxable","18":"purchasable","19":"product-type-simple"},"yoast_head":"<!-- This site is optimized with the Yoast SEO plugin v27.4 - https:\/\/yoast.com\/product\/yoast-seo-wordpress\/ -->\n<title>Estetoscopio Littmann Lightweight II S.E. Azul Caribe - Estetoscopio Littmann<\/title>\n<meta name=\"robots\" content=\"index, follow, max-snippet:-1, max-image-preview:large, max-video-preview:-1\" \/>\n<link rel=\"canonical\" href=\"https:\/\/stethoscope24.com\/estetoscopio-littmann\/product\/estetoscopio-littmann-lightweight-ii-s-e-azul-caribe\/\" \/>\n<meta property=\"og:locale\" content=\"es_MX\" \/>\n<meta property=\"og:type\" content=\"article\" \/>\n<meta property=\"og:title\" content=\"Estetoscopio Littmann Lightweight II S.E. Azul Caribe - Estetoscopio Littmann\" \/>\n<meta property=\"og:description\" content=\"Una respuesta ac\u00fastica clara y confiable y un peso ligero se combinan para hacer de este un instrumento b\u00e1sico ideal  La pieza tor\u00e1cica de doble c\u00e1psula proporciona versatilidad tanto con su diafragma sintonizable como con su campana abierta  Su dise\u00f1o en forma de l\u00e1grima facilita su posicionamiento debajo de los esfigmoman\u00f3metros y alrededor de vendajes  Diafragma sintonizable: escuche sonidos de alta o baja frecuencia ajustando ligeramente la presi\u00f3n en la pieza tor\u00e1cica  El anillo antifr\u00edo y el diafragma brindan m\u00e1xima comodidad al paciente  Las olivas de sellado suave brindan un excelente sellado ac\u00fastico y un ajuste c\u00f3modo  Garant\u00eda limitada de 2 a\u00f1os  Model : 7100212919\" \/>\n<meta property=\"og:url\" content=\"https:\/\/stethoscope24.com\/estetoscopio-littmann\/product\/estetoscopio-littmann-lightweight-ii-s-e-azul-caribe\/\" \/>\n<meta property=\"og:site_name\" content=\"Estetoscopio Littmann\" \/>\n<meta property=\"article:modified_time\" content=\"2024-01-18T09:35:22+00:00\" \/>\n<meta property=\"og:image\" content=\"https:\/\/stethoscope24.com\/estetoscopio-littmann\/wp-content\/uploads\/2021\/03\/2452.jpg\" \/>\n\t<meta property=\"og:image:width\" content=\"777\" \/>\n\t<meta property=\"og:image:height\" content=\"1546\" \/>\n\t<meta property=\"og:image:type\" content=\"image\/jpeg\" \/>\n<meta name=\"twitter:card\" content=\"summary_large_image\" \/>\n<meta name=\"twitter:label1\" content=\"Tiempo de lectura\" \/>\n\t<meta name=\"twitter:data1\" content=\"2 minutos\" \/>\n<script type=\"application\/ld+json\" class=\"yoast-schema-graph\">{\"@context\":\"https:\\\/\\\/schema.org\",\"@graph\":[{\"@type\":\"WebPage\",\"@id\":\"https:\\\/\\\/stethoscope24.com\\\/estetoscopio-littmann\\\/product\\\/estetoscopio-littmann-lightweight-ii-s-e-azul-caribe\\\/\",\"url\":\"https:\\\/\\\/stethoscope24.com\\\/estetoscopio-littmann\\\/product\\\/estetoscopio-littmann-lightweight-ii-s-e-azul-caribe\\\/\",\"name\":\"Estetoscopio Littmann Lightweight II S.E. Azul Caribe - Estetoscopio Littmann\",\"isPartOf\":{\"@id\":\"https:\\\/\\\/stethoscope24.com\\\/estetoscopio-littmann\\\/#website\"},\"primaryImageOfPage\":{\"@id\":\"https:\\\/\\\/stethoscope24.com\\\/estetoscopio-littmann\\\/product\\\/estetoscopio-littmann-lightweight-ii-s-e-azul-caribe\\\/#primaryimage\"},\"image\":{\"@id\":\"https:\\\/\\\/stethoscope24.com\\\/estetoscopio-littmann\\\/product\\\/estetoscopio-littmann-lightweight-ii-s-e-azul-caribe\\\/#primaryimage\"},\"thumbnailUrl\":\"https:\\\/\\\/i0.wp.com\\\/stethoscope24.com\\\/estetoscopio-littmann\\\/wp-content\\\/uploads\\\/2021\\\/03\\\/2452.jpg?fit=777%2C1546&ssl=1\",\"datePublished\":\"2021-06-17T10:10:35+00:00\",\"dateModified\":\"2024-01-18T09:35:22+00:00\",\"breadcrumb\":{\"@id\":\"https:\\\/\\\/stethoscope24.com\\\/estetoscopio-littmann\\\/product\\\/estetoscopio-littmann-lightweight-ii-s-e-azul-caribe\\\/#breadcrumb\"},\"inLanguage\":\"es\",\"potentialAction\":[{\"@type\":\"ReadAction\",\"target\":[\"https:\\\/\\\/stethoscope24.com\\\/estetoscopio-littmann\\\/product\\\/estetoscopio-littmann-lightweight-ii-s-e-azul-caribe\\\/\"]}]},{\"@type\":\"ImageObject\",\"inLanguage\":\"es\",\"@id\":\"https:\\\/\\\/stethoscope24.com\\\/estetoscopio-littmann\\\/product\\\/estetoscopio-littmann-lightweight-ii-s-e-azul-caribe\\\/#primaryimage\",\"url\":\"https:\\\/\\\/i0.wp.com\\\/stethoscope24.com\\\/estetoscopio-littmann\\\/wp-content\\\/uploads\\\/2021\\\/03\\\/2452.jpg?fit=777%2C1546&ssl=1\",\"contentUrl\":\"https:\\\/\\\/i0.wp.com\\\/stethoscope24.com\\\/estetoscopio-littmann\\\/wp-content\\\/uploads\\\/2021\\\/03\\\/2452.jpg?fit=777%2C1546&ssl=1\",\"width\":777,\"height\":1546,\"caption\":\"Estetoscopio Littmann Lightweight II S.E. Azul Caribe 2452\"},{\"@type\":\"BreadcrumbList\",\"@id\":\"https:\\\/\\\/stethoscope24.com\\\/estetoscopio-littmann\\\/product\\\/estetoscopio-littmann-lightweight-ii-s-e-azul-caribe\\\/#breadcrumb\",\"itemListElement\":[{\"@type\":\"ListItem\",\"position\":1,\"name\":\"Home\",\"item\":\"https:\\\/\\\/stethoscope24.com\\\/estetoscopio-littmann\\\/\"},{\"@type\":\"ListItem\",\"position\":2,\"name\":\"Shop\",\"item\":\"https:\\\/\\\/stethoscope24.com\\\/estetoscopio-littmann\\\/shop\\\/\"},{\"@type\":\"ListItem\",\"position\":3,\"name\":\"Estetoscopio Littmann Lightweight II S.E. Azul Caribe\"}]},{\"@type\":\"WebSite\",\"@id\":\"https:\\\/\\\/stethoscope24.com\\\/estetoscopio-littmann\\\/#website\",\"url\":\"https:\\\/\\\/stethoscope24.com\\\/estetoscopio-littmann\\\/\",\"name\":\"Estetoscopio Littmann\",\"description\":\"Estetoscopio Littmann\",\"publisher\":{\"@id\":\"https:\\\/\\\/stethoscope24.com\\\/estetoscopio-littmann\\\/#organization\"},\"potentialAction\":[{\"@type\":\"SearchAction\",\"target\":{\"@type\":\"EntryPoint\",\"urlTemplate\":\"https:\\\/\\\/stethoscope24.com\\\/estetoscopio-littmann\\\/?s={search_term_string}\"},\"query-input\":{\"@type\":\"PropertyValueSpecification\",\"valueRequired\":true,\"valueName\":\"search_term_string\"}}],\"inLanguage\":\"es\"},{\"@type\":\"Organization\",\"@id\":\"https:\\\/\\\/stethoscope24.com\\\/estetoscopio-littmann\\\/#organization\",\"name\":\"Estetoscopio Littmann\",\"url\":\"https:\\\/\\\/stethoscope24.com\\\/estetoscopio-littmann\\\/\",\"logo\":{\"@type\":\"ImageObject\",\"inLanguage\":\"es\",\"@id\":\"https:\\\/\\\/stethoscope24.com\\\/estetoscopio-littmann\\\/#\\\/schema\\\/logo\\\/image\\\/\",\"url\":\"https:\\\/\\\/i0.wp.com\\\/stethoscope24.com\\\/estetoscopio-littmann\\\/wp-content\\\/uploads\\\/2021\\\/03\\\/logostethoscope24-50.jpg?fit=298%2C50&ssl=1\",\"contentUrl\":\"https:\\\/\\\/i0.wp.com\\\/stethoscope24.com\\\/estetoscopio-littmann\\\/wp-content\\\/uploads\\\/2021\\\/03\\\/logostethoscope24-50.jpg?fit=298%2C50&ssl=1\",\"width\":298,\"height\":50,\"caption\":\"Estetoscopio Littmann\"},\"image\":{\"@id\":\"https:\\\/\\\/stethoscope24.com\\\/estetoscopio-littmann\\\/#\\\/schema\\\/logo\\\/image\\\/\"}}]}<\/script>\n<!-- \/ Yoast SEO plugin. -->","yoast_head_json":{"title":"Estetoscopio Littmann Lightweight II S.E. Azul Caribe - Estetoscopio Littmann","robots":{"index":"index","follow":"follow","max-snippet":"max-snippet:-1","max-image-preview":"max-image-preview:large","max-video-preview":"max-video-preview:-1"},"canonical":"https:\/\/stethoscope24.com\/estetoscopio-littmann\/product\/estetoscopio-littmann-lightweight-ii-s-e-azul-caribe\/","og_locale":"es_MX","og_type":"article","og_title":"Estetoscopio Littmann Lightweight II S.E. Azul Caribe - Estetoscopio Littmann","og_description":"Una respuesta ac\u00fastica clara y confiable y un peso ligero se combinan para hacer de este un instrumento b\u00e1sico ideal  La pieza tor\u00e1cica de doble c\u00e1psula proporciona versatilidad tanto con su diafragma sintonizable como con su campana abierta  Su dise\u00f1o en forma de l\u00e1grima facilita su posicionamiento debajo de los esfigmoman\u00f3metros y alrededor de vendajes  Diafragma sintonizable: escuche sonidos de alta o baja frecuencia ajustando ligeramente la presi\u00f3n en la pieza tor\u00e1cica  El anillo antifr\u00edo y el diafragma brindan m\u00e1xima comodidad al paciente  Las olivas de sellado suave brindan un excelente sellado ac\u00fastico y un ajuste c\u00f3modo  Garant\u00eda limitada de 2 a\u00f1os  Model : 7100212919","og_url":"https:\/\/stethoscope24.com\/estetoscopio-littmann\/product\/estetoscopio-littmann-lightweight-ii-s-e-azul-caribe\/","og_site_name":"Estetoscopio Littmann","article_modified_time":"2024-01-18T09:35:22+00:00","og_image":[{"width":777,"height":1546,"url":"https:\/\/stethoscope24.com\/estetoscopio-littmann\/wp-content\/uploads\/2021\/03\/2452.jpg","type":"image\/jpeg"}],"twitter_card":"summary_large_image","twitter_misc":{"Tiempo de lectura":"2 minutos"},"schema":{"@context":"https:\/\/schema.org","@graph":[{"@type":"WebPage","@id":"https:\/\/stethoscope24.com\/estetoscopio-littmann\/product\/estetoscopio-littmann-lightweight-ii-s-e-azul-caribe\/","url":"https:\/\/stethoscope24.com\/estetoscopio-littmann\/product\/estetoscopio-littmann-lightweight-ii-s-e-azul-caribe\/","name":"Estetoscopio Littmann Lightweight II S.E. Azul Caribe - Estetoscopio Littmann","isPartOf":{"@id":"https:\/\/stethoscope24.com\/estetoscopio-littmann\/#website"},"primaryImageOfPage":{"@id":"https:\/\/stethoscope24.com\/estetoscopio-littmann\/product\/estetoscopio-littmann-lightweight-ii-s-e-azul-caribe\/#primaryimage"},"image":{"@id":"https:\/\/stethoscope24.com\/estetoscopio-littmann\/product\/estetoscopio-littmann-lightweight-ii-s-e-azul-caribe\/#primaryimage"},"thumbnailUrl":"https:\/\/i0.wp.com\/stethoscope24.com\/estetoscopio-littmann\/wp-content\/uploads\/2021\/03\/2452.jpg?fit=777%2C1546&ssl=1","datePublished":"2021-06-17T10:10:35+00:00","dateModified":"2024-01-18T09:35:22+00:00","breadcrumb":{"@id":"https:\/\/stethoscope24.com\/estetoscopio-littmann\/product\/estetoscopio-littmann-lightweight-ii-s-e-azul-caribe\/#breadcrumb"},"inLanguage":"es","potentialAction":[{"@type":"ReadAction","target":["https:\/\/stethoscope24.com\/estetoscopio-littmann\/product\/estetoscopio-littmann-lightweight-ii-s-e-azul-caribe\/"]}]},{"@type":"ImageObject","inLanguage":"es","@id":"https:\/\/stethoscope24.com\/estetoscopio-littmann\/product\/estetoscopio-littmann-lightweight-ii-s-e-azul-caribe\/#primaryimage","url":"https:\/\/i0.wp.com\/stethoscope24.com\/estetoscopio-littmann\/wp-content\/uploads\/2021\/03\/2452.jpg?fit=777%2C1546&ssl=1","contentUrl":"https:\/\/i0.wp.com\/stethoscope24.com\/estetoscopio-littmann\/wp-content\/uploads\/2021\/03\/2452.jpg?fit=777%2C1546&ssl=1","width":777,"height":1546,"caption":"Estetoscopio Littmann Lightweight II S.E. Azul Caribe 2452"},{"@type":"BreadcrumbList","@id":"https:\/\/stethoscope24.com\/estetoscopio-littmann\/product\/estetoscopio-littmann-lightweight-ii-s-e-azul-caribe\/#breadcrumb","itemListElement":[{"@type":"ListItem","position":1,"name":"Home","item":"https:\/\/stethoscope24.com\/estetoscopio-littmann\/"},{"@type":"ListItem","position":2,"name":"Shop","item":"https:\/\/stethoscope24.com\/estetoscopio-littmann\/shop\/"},{"@type":"ListItem","position":3,"name":"Estetoscopio Littmann Lightweight II S.E. Azul Caribe"}]},{"@type":"WebSite","@id":"https:\/\/stethoscope24.com\/estetoscopio-littmann\/#website","url":"https:\/\/stethoscope24.com\/estetoscopio-littmann\/","name":"Estetoscopio Littmann","description":"Estetoscopio Littmann","publisher":{"@id":"https:\/\/stethoscope24.com\/estetoscopio-littmann\/#organization"},"potentialAction":[{"@type":"SearchAction","target":{"@type":"EntryPoint","urlTemplate":"https:\/\/stethoscope24.com\/estetoscopio-littmann\/?s={search_term_string}"},"query-input":{"@type":"PropertyValueSpecification","valueRequired":true,"valueName":"search_term_string"}}],"inLanguage":"es"},{"@type":"Organization","@id":"https:\/\/stethoscope24.com\/estetoscopio-littmann\/#organization","name":"Estetoscopio Littmann","url":"https:\/\/stethoscope24.com\/estetoscopio-littmann\/","logo":{"@type":"ImageObject","inLanguage":"es","@id":"https:\/\/stethoscope24.com\/estetoscopio-littmann\/#\/schema\/logo\/image\/","url":"https:\/\/i0.wp.com\/stethoscope24.com\/estetoscopio-littmann\/wp-content\/uploads\/2021\/03\/logostethoscope24-50.jpg?fit=298%2C50&ssl=1","contentUrl":"https:\/\/i0.wp.com\/stethoscope24.com\/estetoscopio-littmann\/wp-content\/uploads\/2021\/03\/logostethoscope24-50.jpg?fit=298%2C50&ssl=1","width":298,"height":50,"caption":"Estetoscopio Littmann"},"image":{"@id":"https:\/\/stethoscope24.com\/estetoscopio-littmann\/#\/schema\/logo\/image\/"}}]}},"jetpack_sharing_enabled":true,"_links":{"self":[{"href":"https:\/\/stethoscope24.com\/estetoscopio-littmann\/wp-json\/wp\/v2\/product\/24247","targetHints":{"allow":["GET"]}}],"collection":[{"href":"https:\/\/stethoscope24.com\/estetoscopio-littmann\/wp-json\/wp\/v2\/product"}],"about":[{"href":"https:\/\/stethoscope24.com\/estetoscopio-littmann\/wp-json\/wp\/v2\/types\/product"}],"replies":[{"embeddable":true,"href":"https:\/\/stethoscope24.com\/estetoscopio-littmann\/wp-json\/wp\/v2\/comments?post=24247"}],"wp:featuredmedia":[{"embeddable":true,"href":"https:\/\/stethoscope24.com\/estetoscopio-littmann\/wp-json\/wp\/v2\/media\/24120"}],"wp:attachment":[{"href":"https:\/\/stethoscope24.com\/estetoscopio-littmann\/wp-json\/wp\/v2\/media?parent=24247"}],"wp:term":[{"taxonomy":"product_brand","embeddable":true,"href":"https:\/\/stethoscope24.com\/estetoscopio-littmann\/wp-json\/wp\/v2\/product_brand?post=24247"},{"taxonomy":"product_cat","embeddable":true,"href":"https:\/\/stethoscope24.com\/estetoscopio-littmann\/wp-json\/wp\/v2\/product_cat?post=24247"},{"taxonomy":"product_tag","embeddable":true,"href":"https:\/\/stethoscope24.com\/estetoscopio-littmann\/wp-json\/wp\/v2\/product_tag?post=24247"}],"curies":[{"name":"wp","href":"https:\/\/api.w.org\/{rel}","templated":true}]}}