{"id":24525,"date":"2023-08-31T07:58:49","date_gmt":"2023-08-31T07:58:49","guid":{"rendered":"https:\/\/stethoscope24.com\/estetoscopio-littmann\/?post_type=product&#038;p=24525"},"modified":"2024-03-07T11:44:25","modified_gmt":"2024-03-07T11:44:25","slug":"estetoscopio-littmann-digital-core-negro-campana-arcoiris","status":"publish","type":"product","link":"https:\/\/stethoscope24.com\/estetoscopio-littmann\/product\/estetoscopio-littmann-digital-core-negro-campana-arcoiris\/","title":{"rendered":"Estetoscopio Littmann Digital CORE, Negro, Campana Arcoiris"},"content":{"rendered":"<p><iframe title=\"YouTube video player\" src=\"https:\/\/www.youtube.com\/embed\/6vJqSXQOit0?si=CyY9hQV3H2ol8u9Y\" width=\"860\" height=\"315\" frameborder=\"0\" allowfullscreen=\"allowfullscreen\"><\/iframe><\/p>\n<p>Presentamos el que hasta el momento es el estetoscopio 3M Littmann m\u00e1s avanzado. Posee una amplificaci\u00f3n de hasta 40x (en frecuencia m\u00e1xima, en comparaci\u00f3n con el modo anal\u00f3gico), cancelaci\u00f3n activa de ruido, visualizaci\u00f3n de ondas de sonido en la aplicaci\u00f3n y una serie de otras funciones nuevas y potentes dise\u00f1adas para ayudarlo a obtener una imagen m\u00e1s clara de la salud de su paciente.<\/p>\n<p>Es hora de escuchar como nunca antes con la comodidad y la confianza de un estetoscopio Littmann CORE Digital de 3M. Posee un dise\u00f1o c\u00f3modo y una ac\u00fastica sobresaliente a la que ahora se le a\u00f1ade una potente tecnolog\u00eda digital, es m\u00e1s que un estetoscopio.<\/p>\n<p>Es una forma completamente nueva de escuchar. Cambie al estetoscopio Littmann digital CORE de 3M.<\/p>\n","protected":false},"excerpt":{"rendered":"<p><iframe src=\"https:\/\/www.youtube.com\/embed\/N8CozYI5ZCg\" width=\"560\" height=\"315\" frameborder=\"0\" allowfullscreen=\"allowfullscreen\"><\/iframe><\/p>\n<ul style=\"list-style-type: disc; list-style-position: outside;\">\n<li>Se conecta a la aplicaci\u00f3n Eko para visualizar y compartir ondas sonoras procedentes del latido card\u00edaco.<\/li>\n<li>La reducci\u00f3n de sonidos de fondo no deseados se logra a trav\u00e9s de la amplificaci\u00f3n de hasta 40x (a frecuencia m\u00e1xima, en comparaci\u00f3n con el modo anal\u00f3gico).<\/li>\n<li>La cancelaci\u00f3n activa de ruido<\/li>\n<li>Con un bot\u00f3n, puede alternar r\u00e1pidamente entre los modos de audici\u00f3n anal\u00f3gico y amplificado para satisfacer sus necesidades.<\/li>\n<li>Las olivas de sellado herm\u00e9tico suave se adaptan a sus o\u00eddos para obtener un excelente sellado ac\u00fastico y un ajuste c\u00f3modo.<\/li>\n<li>Incluye una pieza tor\u00e1cica ajustable de acero inoxidable de doble c\u00e1psula con campana abierta o cerrada dise\u00f1ada para su uso en pacientes adultos y pediatr\u00eda.<\/li>\n<li>El estetoscopio 3M Littmann CORE cuenta con la aprobaci\u00f3n de la FDA de Estados Unidos.<\/li>\n<\/ul>\n","protected":false},"featured_media":24527,"comment_status":"open","ping_status":"closed","template":"","meta":[],"product_brand":[],"product_cat":[50],"product_tag":[310,331,330],"class_list":{"0":"post-24525","1":"product","2":"type-product","3":"status-publish","4":"has-post-thumbnail","6":"product_cat-estetoscopio-littmann-digital","7":"product_tag-estetoscopio-littmann","8":"product_tag-estetoscopio-littmann-core-digital-negro","9":"product_tag-estetoscopio-littmann-digital","10":"pa_acabado-de-la-pechera-acabado-arcoiris","11":"pa_desempeno-10-2","12":"pa_marca-littmann","13":"pa_vastago-color-negro","15":"first","16":"instock","17":"sale","18":"taxable","19":"shipping-taxable","20":"purchasable","21":"product-type-simple"},"yoast_head":"<!-- This site is optimized with the Yoast SEO plugin v27.4 - https:\/\/yoast.com\/product\/yoast-seo-wordpress\/ -->\n<title>Estetoscopio Littmann Digital CORE, Negro, Campana Arcoiris<\/title>\n<meta name=\"description\" content=\"Presentamos el que hasta el momento es el Estetoscopio Littmann Digital CORE Negro Campana Arcoiris m\u00e1s avanzado. Posee una amplificaci\u00f3n de hasta 40x (en frecuencia m\u00e1xima, en comparaci\u00f3n con el modo anal\u00f3gico), cancelaci\u00f3n activa de ruido, visualizaci\u00f3n de ondas de sonido en la aplicaci\u00f3n y una serie de otras funciones nuevas y potentes dise\u00f1adas para ayudarlo a obtener una imagen m\u00e1s clara de la salud de su paciente.\" \/>\n<meta name=\"robots\" content=\"index, follow, max-snippet:-1, max-image-preview:large, max-video-preview:-1\" \/>\n<link rel=\"canonical\" href=\"https:\/\/stethoscope24.com\/estetoscopio-littmann\/product\/estetoscopio-littmann-digital-core-negro-campana-arcoiris\/\" \/>\n<meta property=\"og:locale\" content=\"es_MX\" \/>\n<meta property=\"og:type\" content=\"article\" \/>\n<meta property=\"og:title\" content=\"Estetoscopio Littmann Digital CORE, Negro, Campana Arcoiris\" \/>\n<meta property=\"og:description\" content=\"Presentamos el que hasta el momento es el Estetoscopio Littmann Digital CORE Negro Campana Arcoiris m\u00e1s avanzado. Posee una amplificaci\u00f3n de hasta 40x (en frecuencia m\u00e1xima, en comparaci\u00f3n con el modo anal\u00f3gico), cancelaci\u00f3n activa de ruido, visualizaci\u00f3n de ondas de sonido en la aplicaci\u00f3n y una serie de otras funciones nuevas y potentes dise\u00f1adas para ayudarlo a obtener una imagen m\u00e1s clara de la salud de su paciente.\" \/>\n<meta property=\"og:url\" content=\"https:\/\/stethoscope24.com\/estetoscopio-littmann\/product\/estetoscopio-littmann-digital-core-negro-campana-arcoiris\/\" \/>\n<meta property=\"og:site_name\" content=\"Estetoscopio Littmann\" \/>\n<meta property=\"article:modified_time\" content=\"2024-03-07T11:44:25+00:00\" \/>\n<meta property=\"og:image\" content=\"https:\/\/stethoscope24.com\/estetoscopio-littmann\/wp-content\/uploads\/2023\/08\/3m-littmann-core-digital-stethoskop-8572-regenbogen-schwarz.jpg\" \/>\n\t<meta property=\"og:image:width\" content=\"800\" \/>\n\t<meta property=\"og:image:height\" content=\"800\" \/>\n\t<meta property=\"og:image:type\" content=\"image\/jpeg\" \/>\n<meta name=\"twitter:card\" content=\"summary_large_image\" \/>\n<meta name=\"twitter:label1\" content=\"Tiempo de lectura\" \/>\n\t<meta name=\"twitter:data1\" content=\"1 minuto\" \/>\n<script type=\"application\/ld+json\" class=\"yoast-schema-graph\">{\"@context\":\"https:\\\/\\\/schema.org\",\"@graph\":[{\"@type\":\"WebPage\",\"@id\":\"https:\\\/\\\/stethoscope24.com\\\/estetoscopio-littmann\\\/product\\\/estetoscopio-littmann-digital-core-negro-campana-arcoiris\\\/\",\"url\":\"https:\\\/\\\/stethoscope24.com\\\/estetoscopio-littmann\\\/product\\\/estetoscopio-littmann-digital-core-negro-campana-arcoiris\\\/\",\"name\":\"Estetoscopio Littmann Digital CORE, Negro, Campana Arcoiris\",\"isPartOf\":{\"@id\":\"https:\\\/\\\/stethoscope24.com\\\/estetoscopio-littmann\\\/#website\"},\"primaryImageOfPage\":{\"@id\":\"https:\\\/\\\/stethoscope24.com\\\/estetoscopio-littmann\\\/product\\\/estetoscopio-littmann-digital-core-negro-campana-arcoiris\\\/#primaryimage\"},\"image\":{\"@id\":\"https:\\\/\\\/stethoscope24.com\\\/estetoscopio-littmann\\\/product\\\/estetoscopio-littmann-digital-core-negro-campana-arcoiris\\\/#primaryimage\"},\"thumbnailUrl\":\"https:\\\/\\\/i0.wp.com\\\/stethoscope24.com\\\/estetoscopio-littmann\\\/wp-content\\\/uploads\\\/2023\\\/08\\\/3m-littmann-core-digital-stethoskop-8572-regenbogen-schwarz.jpg?fit=800%2C800&ssl=1\",\"datePublished\":\"2023-08-31T07:58:49+00:00\",\"dateModified\":\"2024-03-07T11:44:25+00:00\",\"description\":\"Presentamos el que hasta el momento es el Estetoscopio Littmann Digital CORE Negro Campana Arcoiris m\u00e1s avanzado. Posee una amplificaci\u00f3n de hasta 40x (en frecuencia m\u00e1xima, en comparaci\u00f3n con el modo anal\u00f3gico), cancelaci\u00f3n activa de ruido, visualizaci\u00f3n de ondas de sonido en la aplicaci\u00f3n y una serie de otras funciones nuevas y potentes dise\u00f1adas para ayudarlo a obtener una imagen m\u00e1s clara de la salud de su paciente.\",\"breadcrumb\":{\"@id\":\"https:\\\/\\\/stethoscope24.com\\\/estetoscopio-littmann\\\/product\\\/estetoscopio-littmann-digital-core-negro-campana-arcoiris\\\/#breadcrumb\"},\"inLanguage\":\"es\",\"potentialAction\":[{\"@type\":\"ReadAction\",\"target\":[\"https:\\\/\\\/stethoscope24.com\\\/estetoscopio-littmann\\\/product\\\/estetoscopio-littmann-digital-core-negro-campana-arcoiris\\\/\"]}]},{\"@type\":\"ImageObject\",\"inLanguage\":\"es\",\"@id\":\"https:\\\/\\\/stethoscope24.com\\\/estetoscopio-littmann\\\/product\\\/estetoscopio-littmann-digital-core-negro-campana-arcoiris\\\/#primaryimage\",\"url\":\"https:\\\/\\\/i0.wp.com\\\/stethoscope24.com\\\/estetoscopio-littmann\\\/wp-content\\\/uploads\\\/2023\\\/08\\\/3m-littmann-core-digital-stethoskop-8572-regenbogen-schwarz.jpg?fit=800%2C800&ssl=1\",\"contentUrl\":\"https:\\\/\\\/i0.wp.com\\\/stethoscope24.com\\\/estetoscopio-littmann\\\/wp-content\\\/uploads\\\/2023\\\/08\\\/3m-littmann-core-digital-stethoskop-8572-regenbogen-schwarz.jpg?fit=800%2C800&ssl=1\",\"width\":800,\"height\":800,\"caption\":\"Estetoscopio Littmann CORE Digital, Negro, Campana Arcoiris 8752\"},{\"@type\":\"BreadcrumbList\",\"@id\":\"https:\\\/\\\/stethoscope24.com\\\/estetoscopio-littmann\\\/product\\\/estetoscopio-littmann-digital-core-negro-campana-arcoiris\\\/#breadcrumb\",\"itemListElement\":[{\"@type\":\"ListItem\",\"position\":1,\"name\":\"Home\",\"item\":\"https:\\\/\\\/stethoscope24.com\\\/estetoscopio-littmann\\\/\"},{\"@type\":\"ListItem\",\"position\":2,\"name\":\"Shop\",\"item\":\"https:\\\/\\\/stethoscope24.com\\\/estetoscopio-littmann\\\/shop\\\/\"},{\"@type\":\"ListItem\",\"position\":3,\"name\":\"Estetoscopio Littmann Digital CORE, Negro, Campana Arcoiris\"}]},{\"@type\":\"WebSite\",\"@id\":\"https:\\\/\\\/stethoscope24.com\\\/estetoscopio-littmann\\\/#website\",\"url\":\"https:\\\/\\\/stethoscope24.com\\\/estetoscopio-littmann\\\/\",\"name\":\"Estetoscopio Littmann\",\"description\":\"Estetoscopio Littmann\",\"publisher\":{\"@id\":\"https:\\\/\\\/stethoscope24.com\\\/estetoscopio-littmann\\\/#organization\"},\"potentialAction\":[{\"@type\":\"SearchAction\",\"target\":{\"@type\":\"EntryPoint\",\"urlTemplate\":\"https:\\\/\\\/stethoscope24.com\\\/estetoscopio-littmann\\\/?s={search_term_string}\"},\"query-input\":{\"@type\":\"PropertyValueSpecification\",\"valueRequired\":true,\"valueName\":\"search_term_string\"}}],\"inLanguage\":\"es\"},{\"@type\":\"Organization\",\"@id\":\"https:\\\/\\\/stethoscope24.com\\\/estetoscopio-littmann\\\/#organization\",\"name\":\"Estetoscopio Littmann\",\"url\":\"https:\\\/\\\/stethoscope24.com\\\/estetoscopio-littmann\\\/\",\"logo\":{\"@type\":\"ImageObject\",\"inLanguage\":\"es\",\"@id\":\"https:\\\/\\\/stethoscope24.com\\\/estetoscopio-littmann\\\/#\\\/schema\\\/logo\\\/image\\\/\",\"url\":\"https:\\\/\\\/i0.wp.com\\\/stethoscope24.com\\\/estetoscopio-littmann\\\/wp-content\\\/uploads\\\/2021\\\/03\\\/logostethoscope24-50.jpg?fit=298%2C50&ssl=1\",\"contentUrl\":\"https:\\\/\\\/i0.wp.com\\\/stethoscope24.com\\\/estetoscopio-littmann\\\/wp-content\\\/uploads\\\/2021\\\/03\\\/logostethoscope24-50.jpg?fit=298%2C50&ssl=1\",\"width\":298,\"height\":50,\"caption\":\"Estetoscopio Littmann\"},\"image\":{\"@id\":\"https:\\\/\\\/stethoscope24.com\\\/estetoscopio-littmann\\\/#\\\/schema\\\/logo\\\/image\\\/\"}}]}<\/script>\n<!-- \/ Yoast SEO plugin. -->","yoast_head_json":{"title":"Estetoscopio Littmann Digital CORE, Negro, Campana Arcoiris","description":"Presentamos el que hasta el momento es el Estetoscopio Littmann Digital CORE Negro Campana Arcoiris m\u00e1s avanzado. Posee una amplificaci\u00f3n de hasta 40x (en frecuencia m\u00e1xima, en comparaci\u00f3n con el modo anal\u00f3gico), cancelaci\u00f3n activa de ruido, visualizaci\u00f3n de ondas de sonido en la aplicaci\u00f3n y una serie de otras funciones nuevas y potentes dise\u00f1adas para ayudarlo a obtener una imagen m\u00e1s clara de la salud de su paciente.","robots":{"index":"index","follow":"follow","max-snippet":"max-snippet:-1","max-image-preview":"max-image-preview:large","max-video-preview":"max-video-preview:-1"},"canonical":"https:\/\/stethoscope24.com\/estetoscopio-littmann\/product\/estetoscopio-littmann-digital-core-negro-campana-arcoiris\/","og_locale":"es_MX","og_type":"article","og_title":"Estetoscopio Littmann Digital CORE, Negro, Campana Arcoiris","og_description":"Presentamos el que hasta el momento es el Estetoscopio Littmann Digital CORE Negro Campana Arcoiris m\u00e1s avanzado. Posee una amplificaci\u00f3n de hasta 40x (en frecuencia m\u00e1xima, en comparaci\u00f3n con el modo anal\u00f3gico), cancelaci\u00f3n activa de ruido, visualizaci\u00f3n de ondas de sonido en la aplicaci\u00f3n y una serie de otras funciones nuevas y potentes dise\u00f1adas para ayudarlo a obtener una imagen m\u00e1s clara de la salud de su paciente.","og_url":"https:\/\/stethoscope24.com\/estetoscopio-littmann\/product\/estetoscopio-littmann-digital-core-negro-campana-arcoiris\/","og_site_name":"Estetoscopio Littmann","article_modified_time":"2024-03-07T11:44:25+00:00","og_image":[{"width":800,"height":800,"url":"https:\/\/stethoscope24.com\/estetoscopio-littmann\/wp-content\/uploads\/2023\/08\/3m-littmann-core-digital-stethoskop-8572-regenbogen-schwarz.jpg","type":"image\/jpeg"}],"twitter_card":"summary_large_image","twitter_misc":{"Tiempo de lectura":"1 minuto"},"schema":{"@context":"https:\/\/schema.org","@graph":[{"@type":"WebPage","@id":"https:\/\/stethoscope24.com\/estetoscopio-littmann\/product\/estetoscopio-littmann-digital-core-negro-campana-arcoiris\/","url":"https:\/\/stethoscope24.com\/estetoscopio-littmann\/product\/estetoscopio-littmann-digital-core-negro-campana-arcoiris\/","name":"Estetoscopio Littmann Digital CORE, Negro, Campana Arcoiris","isPartOf":{"@id":"https:\/\/stethoscope24.com\/estetoscopio-littmann\/#website"},"primaryImageOfPage":{"@id":"https:\/\/stethoscope24.com\/estetoscopio-littmann\/product\/estetoscopio-littmann-digital-core-negro-campana-arcoiris\/#primaryimage"},"image":{"@id":"https:\/\/stethoscope24.com\/estetoscopio-littmann\/product\/estetoscopio-littmann-digital-core-negro-campana-arcoiris\/#primaryimage"},"thumbnailUrl":"https:\/\/i0.wp.com\/stethoscope24.com\/estetoscopio-littmann\/wp-content\/uploads\/2023\/08\/3m-littmann-core-digital-stethoskop-8572-regenbogen-schwarz.jpg?fit=800%2C800&ssl=1","datePublished":"2023-08-31T07:58:49+00:00","dateModified":"2024-03-07T11:44:25+00:00","description":"Presentamos el que hasta el momento es el Estetoscopio Littmann Digital CORE Negro Campana Arcoiris m\u00e1s avanzado. Posee una amplificaci\u00f3n de hasta 40x (en frecuencia m\u00e1xima, en comparaci\u00f3n con el modo anal\u00f3gico), cancelaci\u00f3n activa de ruido, visualizaci\u00f3n de ondas de sonido en la aplicaci\u00f3n y una serie de otras funciones nuevas y potentes dise\u00f1adas para ayudarlo a obtener una imagen m\u00e1s clara de la salud de su paciente.","breadcrumb":{"@id":"https:\/\/stethoscope24.com\/estetoscopio-littmann\/product\/estetoscopio-littmann-digital-core-negro-campana-arcoiris\/#breadcrumb"},"inLanguage":"es","potentialAction":[{"@type":"ReadAction","target":["https:\/\/stethoscope24.com\/estetoscopio-littmann\/product\/estetoscopio-littmann-digital-core-negro-campana-arcoiris\/"]}]},{"@type":"ImageObject","inLanguage":"es","@id":"https:\/\/stethoscope24.com\/estetoscopio-littmann\/product\/estetoscopio-littmann-digital-core-negro-campana-arcoiris\/#primaryimage","url":"https:\/\/i0.wp.com\/stethoscope24.com\/estetoscopio-littmann\/wp-content\/uploads\/2023\/08\/3m-littmann-core-digital-stethoskop-8572-regenbogen-schwarz.jpg?fit=800%2C800&ssl=1","contentUrl":"https:\/\/i0.wp.com\/stethoscope24.com\/estetoscopio-littmann\/wp-content\/uploads\/2023\/08\/3m-littmann-core-digital-stethoskop-8572-regenbogen-schwarz.jpg?fit=800%2C800&ssl=1","width":800,"height":800,"caption":"Estetoscopio Littmann CORE Digital, Negro, Campana Arcoiris 8752"},{"@type":"BreadcrumbList","@id":"https:\/\/stethoscope24.com\/estetoscopio-littmann\/product\/estetoscopio-littmann-digital-core-negro-campana-arcoiris\/#breadcrumb","itemListElement":[{"@type":"ListItem","position":1,"name":"Home","item":"https:\/\/stethoscope24.com\/estetoscopio-littmann\/"},{"@type":"ListItem","position":2,"name":"Shop","item":"https:\/\/stethoscope24.com\/estetoscopio-littmann\/shop\/"},{"@type":"ListItem","position":3,"name":"Estetoscopio Littmann Digital CORE, Negro, Campana Arcoiris"}]},{"@type":"WebSite","@id":"https:\/\/stethoscope24.com\/estetoscopio-littmann\/#website","url":"https:\/\/stethoscope24.com\/estetoscopio-littmann\/","name":"Estetoscopio Littmann","description":"Estetoscopio Littmann","publisher":{"@id":"https:\/\/stethoscope24.com\/estetoscopio-littmann\/#organization"},"potentialAction":[{"@type":"SearchAction","target":{"@type":"EntryPoint","urlTemplate":"https:\/\/stethoscope24.com\/estetoscopio-littmann\/?s={search_term_string}"},"query-input":{"@type":"PropertyValueSpecification","valueRequired":true,"valueName":"search_term_string"}}],"inLanguage":"es"},{"@type":"Organization","@id":"https:\/\/stethoscope24.com\/estetoscopio-littmann\/#organization","name":"Estetoscopio Littmann","url":"https:\/\/stethoscope24.com\/estetoscopio-littmann\/","logo":{"@type":"ImageObject","inLanguage":"es","@id":"https:\/\/stethoscope24.com\/estetoscopio-littmann\/#\/schema\/logo\/image\/","url":"https:\/\/i0.wp.com\/stethoscope24.com\/estetoscopio-littmann\/wp-content\/uploads\/2021\/03\/logostethoscope24-50.jpg?fit=298%2C50&ssl=1","contentUrl":"https:\/\/i0.wp.com\/stethoscope24.com\/estetoscopio-littmann\/wp-content\/uploads\/2021\/03\/logostethoscope24-50.jpg?fit=298%2C50&ssl=1","width":298,"height":50,"caption":"Estetoscopio Littmann"},"image":{"@id":"https:\/\/stethoscope24.com\/estetoscopio-littmann\/#\/schema\/logo\/image\/"}}]}},"jetpack_sharing_enabled":true,"_links":{"self":[{"href":"https:\/\/stethoscope24.com\/estetoscopio-littmann\/wp-json\/wp\/v2\/product\/24525","targetHints":{"allow":["GET"]}}],"collection":[{"href":"https:\/\/stethoscope24.com\/estetoscopio-littmann\/wp-json\/wp\/v2\/product"}],"about":[{"href":"https:\/\/stethoscope24.com\/estetoscopio-littmann\/wp-json\/wp\/v2\/types\/product"}],"replies":[{"embeddable":true,"href":"https:\/\/stethoscope24.com\/estetoscopio-littmann\/wp-json\/wp\/v2\/comments?post=24525"}],"wp:featuredmedia":[{"embeddable":true,"href":"https:\/\/stethoscope24.com\/estetoscopio-littmann\/wp-json\/wp\/v2\/media\/24527"}],"wp:attachment":[{"href":"https:\/\/stethoscope24.com\/estetoscopio-littmann\/wp-json\/wp\/v2\/media?parent=24525"}],"wp:term":[{"taxonomy":"product_brand","embeddable":true,"href":"https:\/\/stethoscope24.com\/estetoscopio-littmann\/wp-json\/wp\/v2\/product_brand?post=24525"},{"taxonomy":"product_cat","embeddable":true,"href":"https:\/\/stethoscope24.com\/estetoscopio-littmann\/wp-json\/wp\/v2\/product_cat?post=24525"},{"taxonomy":"product_tag","embeddable":true,"href":"https:\/\/stethoscope24.com\/estetoscopio-littmann\/wp-json\/wp\/v2\/product_tag?post=24525"}],"curies":[{"name":"wp","href":"https:\/\/api.w.org\/{rel}","templated":true}]}}